Resums Climàtics NOAA

Selecciona un any o mes per veure el resum
2018: Gen Feb Mar abr Mai Jun jul Ago Set Oct Nov Des
2017: Gen Feb Mar abr Mai Jun jul Ago Set Oct Nov Des
2016: Gen Feb Mar abr Mai Jun jul Ago Set Oct Nov Des
2015: Gen Feb Mar abr Mai Jun jul Ago Set Oct Nov Des
2014: Gen Feb Mar abr Mai Jun jul Ago Set Oct Nov Des
2013: Gen Feb Mar abr Mai Jun jul Ago Set Oct Nov Des
2012: Gen Feb Mar abr Mai Jun jul Ago Set Oct Nov Des
2011: Gen Feb Mar abr Mai Jun jul Ago Set Oct Nov Des
2010: Gen Feb Mar abr Mai Jun jul Ago Set Oct Nov Des
2009: Gen Feb Mar abr Mai Jun jul Ago Set Oct Nov Des
2008: Gen Feb Mar abr Mai Jun jul Ago Set Oct Nov Des

Resum 2014
                   Annual Climatological Summary for 2014

Name: MeteoTortosa   City: Tortosa   State: Baix Ebre
Elevation: 12 m  Lat: N 40° 49' 48"   Lon: E 000° 31' 12"

                  Temperature (°C), Heat Base: 18,3  Cool Base: 18,3
                          Dep.  Heat  Cool                       Max  Max  Min  Min
        Mean  Mean        From  Deg   Deg                        >=   <=   <=   <=
 YR MO  Max   Min   Mean  Norm  Days  Days  Hi  Date  Low  Date 30,0  5,0  5,0   0,0
------------------------------------------------------------------------------------
 14  1  15,2   8,4  11,6   0.0   206     0  20,0  26   4,1   18    0    0    4    0
 14  2  16,1   8,0  12,4   0.0   160     1  22,7  13   0,0   13    0    0    5    1
 14  3  18,6   8,7  13,5   0.0   154     6  25,7  17   3,7    8    0    0    2    0
 14  4  22,0  12,9  17,2   0.0    63    31  26,6  18   9,4   18    0    0    0    0
 14  5  23,1  14,1  18,5   0.0    37    43  27,8  11   9,6   23    0    0    0    0
 14  6  27,4  18,7  23,0   0.0     2   144  34,0  13  13,6    3    4    0    0    0
 14  7  29,2  20,7  25,1   0.0     0   210  31,9  22  17,7    4    9    0    0    0
 14  8  28,8  22,4  25,6   0.0     0   222  33,3  26   0,0   23    6    0    1    1
 14  9  28,1  19,6  23,7   0.0     1   159  34,3  11   0,0    3    7    0    1    1
 14 10  25,7  15,2  20,4   0.0    13    63  29,2  25   0,0   22    0    0    1    1
 14 11
 14 12
------------------------------------------------------------------------------------
        23,4  14,9  19,1   0.0   641   883  34,3 set   0,0  feb   26    0   14    4

                                Precipitation (mm)

              Dep.   Max        Days of Rain
              From   Obs.           >=
 YR MO Total  Norm   Day Date  0,2  2,0 10,0
---------------------------------------------
 14  1  47,8   0.0  38,9  18    11    3    1
 14  2  14,2   0.0   6,4  16     8    2    0
 14  3  28,2   0.0  16,3  30     6    3    1
 14  4  54,8   0.0  21,8   3     7    5    2
 14  5  84,6   0.0  45,4  24     7    3    3
 14  6   6,6   0.0   3,8  24     3    2    0
 14  7  27,5   0.0  27,0   3     3    1    1
 14  8   5,8   0.0   2,7   2     4    1    0
 14  9 129,5   0.0  53,8  28    12    6    4
 14 10   9,4   0.0   3,8  10    11    2    0
 14 11
 14 12
---------------------------------------------
       408,4   0.0  53,8  set   72   28   12

                                Wind Speed (km/h)
                          Dom
 YR MO   Avg.  Hi   Date  Dir
------------------------------
 14  1   7,7  75,6    4   NNW
 14  2   7,5  85,3   11   NNW
 14  3   8,7  85,3    4   NNW
 14  4   5,7  67,6   25     N
 14  5   6,5  64,4    2   NNE
 14  6   6,1  53,1   14     E
 14  7   7,8  56,3   29     N
 14  8   4,7  61,2   13   ESE
 14  9   2,8  64,4   14     E
 14 10   2,3  53,1   22   NNE
 14 11
 14 12
------------------------------
         6,0  85,3  feb   NNE