Resums Climàtics NOAA

Selecciona un any o mes per veure el resum
2018: Gen Feb Mar abr Mai Jun jul Ago Set Oct Nov Des
2017: Gen Feb Mar abr Mai Jun jul Ago Set Oct Nov Des
2016: Gen Feb Mar abr Mai Jun jul Ago Set Oct Nov Des
2015: Gen Feb Mar abr Mai Jun jul Ago Set Oct Nov Des
2014: Gen Feb Mar abr Mai Jun jul Ago Set Oct Nov Des
2013: Gen Feb Mar abr Mai Jun jul Ago Set Oct Nov Des
2012: Gen Feb Mar abr Mai Jun jul Ago Set Oct Nov Des
2011: Gen Feb Mar abr Mai Jun jul Ago Set Oct Nov Des
2010: Gen Feb Mar abr Mai Jun jul Ago Set Oct Nov Des
2009: Gen Feb Mar abr Mai Jun jul Ago Set Oct Nov Des
2008: Gen Feb Mar abr Mai Jun jul Ago Set Oct Nov Des

Resum 2014 Gener
                   Monthly Climatological Summary for gen 2014

Name: MeteoTortosa   City: Tortosa   State: Baix Ebre
Elevation: 12 m  Lat: N 40° 49' 48"   Lon: E 000° 31' 12"

                  Temperature (°C), Rain (mm), Wind Speed (km/h)

                                      Heat  Cool        Avg
    Mean                              Deg   Deg         Wind                 Dom
Day Temp  High   Time   Low    Time   Days  Days  Rain  Speed High   Time    Dir
----------------------------------------------------------------------------------
 1  10,1  16,8   13:50   4,9   07:10   8,1   0,0   0,3   0,2  11,3   01:50   WNW
 2  11,7  17,1   14:35   7,6   06:15   6,6   0,0   0,2   0,5  19,3   10:14     W
 3  11,4  14,8   15:02   9,1   06:07   6,9   0,0   0,0   0,0  14,5   13:29     W
 4  12,0  15,5   13:52   8,6   20:28   6,2   0,0   1,0   6,9  75,6   17:09    NW
 5  13,3  16,5   21:05  10,4   00:12   5,0   0,0   0,0  12,4  57,9   01:09   NNW
 6  13,1  17,8   14:47   7,7   23:51   5,2   0,0   0,0   4,1  32,2   04:23     N
 7  10,7  17,8   13:38   6,2   07:06   7,6   0,0   0,0   0,8  14,5   15:15   NNE
 8   9,5  13,4   13:20   5,4   02:31   8,8   0,0   0,0   0,2  11,3   12:29   ENE
 9   9,5  13,2   14:47   7,1   21:02   8,8   0,0   0,0   0,2   9,7   11:38   ENE
10  10,2  11,6   13:10   8,2   00:00   8,0   0,0   0,0   0,0   4,8   12:56     E
11  11,3  12,8   13:41  10,4   07:03   7,0   0,0   0,0   4,0  27,4   21:27   ENE
12  11,8  17,2   13:38   8,9   07:46   6,5   0,0   0,3   2,4  22,5   01:56     N
13  11,0  12,9   19:58   9,3   01:10   7,3   0,0   2,8   7,3  41,8   21:10   NNW
14  12,3  14,6   11:36   9,6   04:25   6,0   0,0   0,0   8,3  51,5   21:39     N
15  12,2  15,8   14:39  10,2   06:44   6,1   0,0   0,0   3,4  46,7   01:01     N
16  11,4  14,3   13:27   8,6   23:57   6,9   0,0   1,2   0,6  19,3   13:59   ENE
17   8,8  15,3   13:46   4,5   05:51   9,5   0,0   0,0   0,5  19,3   15:41   ENE
18   8,6  12,5   16:09   4,1   03:18   9,6   0,0  38,9   0,6  17,7   08:39    NW
19  10,4  13,2   14:08   6,8   03:47   7,9   0,0   0,5  13,4  56,3   22:32   NNW
20  11,0  13,3   13:54   9,9   22:56   5,8   0,0   0,0  25,3  69,2   15:07   NNW
21  10,2  14,7   14:38   5,3   23:10   8,1   0,0   0,0   7,0  45,1   00:17    NW
22  10,0  13,3   15:31   5,1   00:45   8,3   0,0   0,0   5,7  41,8   20:17   NNW
23  12,4  14,8   14:15   9,9   06:34   6,0   0,0   0,0  17,9  53,1   00:00   NNW
24  15,3  17,7   14:14  13,1   00:10   2,9   0,0   0,0  19,8  74,0   20:57   NNW
25  17,8  19,8   13:41  16,5   20:37   0,8   0,3   0,0  23,4  72,4   08:18   NNW
26  18,0  20,0   15:01  16,2   07:20   0,7   0,4   0,0  18,5  69,2   00:56   NNW
27  14,2  17,8   02:10  10,0   22:43   4,1   0,0   0,0  11,9  49,9   07:36   NNW
28  10,5  15,2   13:47   6,8   21:58   7,8   0,0   0,3  10,5  51,5   00:32   NNW
29   8,5  12,8   01:20   4,1   07:44   9,8   0,0   2,0   7,9  37,0   17:42     N
30  10,9  13,3   15:04   8,8   03:37   7,4   0,0   0,3  23,5  72,4   19:49   NNW
31  11,1  15,2   14:03   7,1   23:59   7,2   0,0   0,0   5,3  32,2   10:45   NNW
----------------------------------------------------------------------------------
    11,6  20,0    26     4,1    18   206,9   0,7  47,8   7,7  75,6     4     NNW

Max >=  30,0:  0
Max <=   5,0:  0
Min <=   5,0:  4
Min <=   0,0:  0
Max Rain: 38,9 on day 18
Days of Rain: 11 (>= 0,2 mm)  3 (>= 2,0 mm)  1 (>= 10,0 mm)
Heat Base: 18,3  Cool Base: 18,3  Method: Integration