Resums Climàtics NOAA

Selecciona un any o mes per veure el resum
2018: Gen Feb Mar abr Mai Jun jul Ago Set Oct Nov Des
2017: Gen Feb Mar abr Mai Jun jul Ago Set Oct Nov Des
2016: Gen Feb Mar abr Mai Jun jul Ago Set Oct Nov Des
2015: Gen Feb Mar abr Mai Jun jul Ago Set Oct Nov Des
2014: Gen Feb Mar abr Mai Jun jul Ago Set Oct Nov Des
2013: Gen Feb Mar abr Mai Jun jul Ago Set Oct Nov Des
2012: Gen Feb Mar abr Mai Jun jul Ago Set Oct Nov Des
2011: Gen Feb Mar abr Mai Jun jul Ago Set Oct Nov Des
2010: Gen Feb Mar abr Mai Jun jul Ago Set Oct Nov Des
2009: Gen Feb Mar abr Mai Jun jul Ago Set Oct Nov Des
2008: Gen Feb Mar abr Mai Jun jul Ago Set Oct Nov Des

Resum 2014 Febrer
                   Monthly Climatological Summary for feb 2014

Name: MeteoTortosa   City: Tortosa   State: Baix Ebre
Elevation: 12 m  Lat: N 40° 49' 48"   Lon: E 000° 31' 12"

                  Temperature (°C), Rain (mm), Wind Speed (km/h)

                                      Heat  Cool        Avg
    Mean                              Deg   Deg         Wind                 Dom
Day Temp  High   Time   Low    Time   Days  Days  Rain  Speed High   Time    Dir
----------------------------------------------------------------------------------
 1  10,4  16,4   15:08   7,1   00:00   7,9   0,0   0,0   6,4  54,7   23:48    NW
 2  10,0  14,1   14:53   4,2   23:59   8,3   0,0   0,0  16,5  62,8   12:40   NNW
 3   7,3  12,4   15:13   1,6   05:10  10,8   0,0   0,0   1,3  25,7   22:30    NW
 4  10,8  14,2   12:00   7,4   08:10   7,3   0,0   1,0   5,0  38,6   02:10     N
 5  12,1  17,2   15:26   6,8   23:47   6,2   0,0   0,2   3,3  37,0   10:34   NNW
 6  11,0  16,9   14:31   4,7   04:23   7,3   0,0   0,0   2,2  29,0   15:49     E
 7  13,4  16,9   15:29   9,9   02:03   4,9   0,0   0,0   7,3  49,9   08:14    NW
 8  13,7  18,3   13:18   7,8   07:38   4,6   0,0   0,0   2,5  32,2   22:31    NW
 9  10,8  14,3   00:00   7,9   19:42   7,5   0,0   4,3   4,4  53,1   02:22   NNW
10  10,7  13,3   11:41   7,4   06:28   7,6   0,0   0,5  21,1  82,1   11:38   NNW
11  10,5  12,6   10:35   7,3   19:34   7,8   0,0   0,3  14,9  85,3   01:17   NNW
12  12,0  12,5   00:18  11,0   02:50   0,8   0,0   0,0  14,9  48,3   00:59   NNW
13  19,7  22,7   14:52   0,0   10:34   0,2   1,0   0,0   2,1  22,5   16:18     E
14  14,2  20,7   14:34   9,5   07:11   4,3   0,3   0,0   0,7  20,9   15:59   ESE
15  13,3  21,1   15:27   6,5   07:04   5,4   0,4   0,0   6,1  43,5   20:02   NNE
16  10,0  12,5   01:56   5,7   23:44   8,3   0,0   6,4   8,1  33,8   00:03   NNE
17   8,2  14,1   13:23   3,7   06:44  10,1   0,0   0,2   0,7  17,7   15:00    SW
18  12,0  15,2   15:20   7,9   01:46   6,3   0,0   0,0  12,3  43,5   23:55     N
19  14,3  17,6   15:17  12,1   06:52   4,0   0,0   0,0  17,4  53,1   00:03   NNW
20  13,0  19,8   15:32   5,7   06:54   5,4   0,1   0,0   1,6  24,1   00:29     N
21  12,9  15,6   15:23   9,2   01:34   5,4   0,0   0,0   9,9  53,1   11:49   NNW
22  13,9  17,7   14:58  10,9   00:28   4,4   0,0   0,0   7,1  29,0   12:59   NNW
23  14,6  16,1   11:37  10,0   09:20   3,3   0,0   0,0   2,6  27,4   14:58   ESE
24  14,0  15,7   13:01  12,4   09:01   4,3   0,0   0,0   4,2  27,4   14:33    SE
25  14,7  17,4   12:44  10,8   09:08   3,6   0,0   0,0   2,9  16,1   14:06   ESE
26  14,0  15,0   00:00  12,5   13:07   3,9   0,0   0,0   7,4  40,2   16:00   NNW
27  13,5  13,5   00:00  13,5   00:00   4,8   0,0   0,0  10,8   6,4   00:00   NNW
28  12,9  18,3   10:58  10,4   13:35   5,4   0,0   1,3  20,3  67,6   10:48   NNW
----------------------------------------------------------------------------------
    12,4  22,7    13     0,0    13   160,1   1,8  14,2   7,5  85,3    11     NNW

Max >=  30,0:  0
Max <=   5,0:  0
Min <=   5,0:  5
Min <=   0,0:  1
Max Rain: 6,4 on day 16
Days of Rain: 8 (>= 0,2 mm)  2 (>= 2,0 mm)  0 (>= 10,0 mm)
Heat Base: 18,3  Cool Base: 18,3  Method: Integration