Resums Climàtics NOAA

Selecciona un any o mes per veure el resum
2018: Gen Feb Mar abr Mai Jun jul Ago Set Oct Nov Des
2017: Gen Feb Mar abr Mai Jun jul Ago Set Oct Nov Des
2016: Gen Feb Mar abr Mai Jun jul Ago Set Oct Nov Des
2015: Gen Feb Mar abr Mai Jun jul Ago Set Oct Nov Des
2014: Gen Feb Mar abr Mai Jun jul Ago Set Oct Nov Des
2013: Gen Feb Mar abr Mai Jun jul Ago Set Oct Nov Des
2012: Gen Feb Mar abr Mai Jun jul Ago Set Oct Nov Des
2011: Gen Feb Mar abr Mai Jun jul Ago Set Oct Nov Des
2010: Gen Feb Mar abr Mai Jun jul Ago Set Oct Nov Des
2009: Gen Feb Mar abr Mai Jun jul Ago Set Oct Nov Des
2008: Gen Feb Mar abr Mai Jun jul Ago Set Oct Nov Des

Resum 2014 Març
                   Monthly Climatological Summary for març 2014

Name: MeteoTortosa   City: Tortosa   State: Baix Ebre
Elevation: 12 m  Lat: N 40° 49' 48"   Lon: E 000° 31' 12"

                  Temperature (°C), Rain (mm), Wind Speed (km/h)

                                      Heat  Cool        Avg
    Mean                              Deg   Deg         Wind                 Dom
Day Temp  High   Time   Low    Time   Days  Days  Rain  Speed High   Time    Dir
----------------------------------------------------------------------------------
 1  11,8  11,8   00:00  11,8   00:00   6,5   0,0   0,0  33,5  20,9   00:00   NNW
 2  15,6  20,9   14:53  11,8   00:00   2,8   0,4   0,0  16,6  37,0   09:48   NNW
 3  14,2  18,6   03:11   9,4   07:10   4,1   0,0   0,2  16,6  62,8   18:56    NW
 4  13,5  16,0   15:40  10,8   03:31   4,8   0,0   0,0  23,8  85,3   11:50    NW
 5  16,2  18,9   13:23  11,1   23:59   2,2   0,1   0,0  16,1  62,8   06:37   NNW
 6  12,1  18,9   11:50   7,1   06:48   6,2   0,0   0,0   2,4  32,2   14:13   ESE
 7  11,6  19,2   12:21   3,9   06:33   6,8   0,0   0,0   1,2  22,5   13:58   ESE
 8  11,5  19,7   13:39   3,7   06:04   6,9   0,1   0,0   2,3  27,4   14:15   ESE
 9  11,5  17,3   13:21   6,2   06:38   6,8   0,0   0,3   1,5  24,1   11:34   ESE
10  12,5  21,2   14:33   5,2   05:15   6,2   0,4   0,0   3,1  30,6   11:10   NNE
11  11,5  18,1   12:10   5,4   03:31   6,8   0,0   0,0   1,7  25,7   13:49   ESE
12  12,3  16,1   11:27   7,4   06:32   6,0   0,0   0,0   2,4  32,2   13:27   ESE
13  11,7  16,1   13:52   8,7   23:53   6,6   0,0   5,3   1,5  22,5   12:03   ESE
14  12,8  20,3   15:40   7,0   04:46   5,6   0,1   0,0   3,3  30,6   10:28   NNE
15  16,5  22,9   14:34   6,6   03:50   2,9   1,1   0,0  12,4  45,1   19:44     N
16  17,6  25,5   15:48  11,1   23:51   2,1   1,5   0,0  14,8  46,7   03:17     N
17  16,9  25,7   15:49   8,3   05:23   3,4   2,1   0,0   1,4  20,9   09:20   WSW
18  14,8  21,9   13:43   8,3   05:13   4,1   0,7   0,0   1,4  20,9   13:49    SE
19  15,4  20,4   14:23  10,9   23:46   3,1   0,2   0,0   6,6  30,6   01:03   NNE
20  13,4  17,7   13:14   9,4   04:09   4,9   0,0   0,0   2,5  29,0   14:31   ESE
21  14,0  18,8   13:03   9,2   06:19   4,4   0,0   0,0   1,4  22,5   15:44    SE
22  14,4  19,3   17:24  10,6   23:57   4,0   0,0   4,6   4,7  53,1   20:11   NNW
23  12,2  15,5   14:33   9,3   06:19   6,1   0,0   0,0  18,4  66,0   10:00   NNW
24  13,5  20,2   14:17   6,2   06:27   5,0   0,2   0,0   6,3  54,7   21:53   NNW
25  13,2  17,7   13:18   8,8   17:10   5,1   0,0   1,5  23,1  80,5   02:04   NNW
26  12,1  16,2   15:13   8,7   07:19   6,2   0,0   0,0  18,6  56,3   22:35   NNW
27  12,1  16,9   14:18   8,7   05:06   6,2   0,0   0,0  11,2  49,9   00:27   NNW
28  12,2  15,9   10:51   6,9   04:09   6,1   0,0   0,0   4,1  29,0   12:37    SE
29  14,0  15,1   11:26  13,1   00:24   4,3   0,0   0,0  13,2  51,5   13:09     E
30  14,0  15,6   13:36  12,9   23:57   4,3   0,0  16,3   3,9  29,0   02:21   ENE
31  14,5  19,4   13:42  11,5   23:59   3,9   0,1   0,0   1,4  24,1   15:47   ESE
----------------------------------------------------------------------------------
    13,5  25,7    17     3,7     8   154,4   7,0  28,2   8,7  85,3     4     NNW

Max >=  30,0:  0
Max <=   5,0:  0
Min <=   5,0:  2
Min <=   0,0:  0
Max Rain: 16,3 on day 30
Days of Rain: 6 (>= 0,2 mm)  3 (>= 2,0 mm)  1 (>= 10,0 mm)
Heat Base: 18,3  Cool Base: 18,3  Method: Integration