Resums Climàtics NOAA

Selecciona un any o mes per veure el resum
2018: Gen Feb Mar abr Mai Jun jul Ago Set Oct Nov Des
2017: Gen Feb Mar abr Mai Jun jul Ago Set Oct Nov Des
2016: Gen Feb Mar abr Mai Jun jul Ago Set Oct Nov Des
2015: Gen Feb Mar abr Mai Jun jul Ago Set Oct Nov Des
2014: Gen Feb Mar abr Mai Jun jul Ago Set Oct Nov Des
2013: Gen Feb Mar abr Mai Jun jul Ago Set Oct Nov Des
2012: Gen Feb Mar abr Mai Jun jul Ago Set Oct Nov Des
2011: Gen Feb Mar abr Mai Jun jul Ago Set Oct Nov Des
2010: Gen Feb Mar abr Mai Jun jul Ago Set Oct Nov Des
2009: Gen Feb Mar abr Mai Jun jul Ago Set Oct Nov Des
2008: Gen Feb Mar abr Mai Jun jul Ago Set Oct Nov Des

Resum 2014 abril
                   Monthly Climatological Summary for abr 2014

Name: MeteoTortosa   City: Tortosa   State: Baix Ebre
Elevation: 12 m  Lat: N 40° 49' 48"   Lon: E 000° 31' 12"

                  Temperature (°C), Rain (mm), Wind Speed (km/h)

                                      Heat  Cool        Avg
    Mean                              Deg   Deg         Wind                 Dom
Day Temp  High   Time   Low    Time   Days  Days  Rain  Speed High   Time    Dir
----------------------------------------------------------------------------------
 1  14,0  18,6   14:10  10,6   01:41   4,3   0,0   0,0   2,9  29,0   15:10   ESE
 2  14,5  17,3   12:42  12,2   03:09   3,8   0,0   0,0   3,3  33,8   11:37     E
 3  13,2  14,6   14:52  12,6   07:23   5,1   0,0  21,8  13,4  51,5   16:24   NNW
 4  17,5  21,8   14:59  13,7   00:00   1,7   0,8   0,0  18,9  67,6   06:49   NNW
 5  20,3  24,9   15:06  15,6   06:25   0,6   2,6   0,0  16,4  54,7   09:01   NNW
 6  18,7  23,7   11:04  12,6   23:56   0,8   1,2   0,0   7,6  35,4   01:36    NE
 7  15,5  21,9   11:52  10,9   05:57   3,3   0,5   0,0   2,7  30,6   15:43    SE
 8  15,6  20,8   12:00  12,8   23:55   2,8   0,1   0,0   2,5  30,6   13:48    SE
 9  15,6  20,6   13:58  11,2   04:01   3,1   0,4   0,0   2,9  29,0   11:33   ESE
10  16,1  21,6   13:49  10,8   05:43   2,8   0,7   0,0   2,7  29,0   15:48    SE
11  16,8  21,6   13:09  13,5   05:12   1,9   0,5   3,3   2,9  27,4   09:15   ESE
12  17,0  21,3   11:43  13,8   23:38   1,9   0,6   0,0   3,3  24,1   09:56    NE
13  18,6  25,7   13:31  11,3   05:03   2,0   2,2   0,0   4,0  32,2   08:20   NNE
14  17,5  22,7   12:07  11,4   05:51   2,1   1,3   0,0   3,0  32,2   14:22    SE
15  17,2  23,2   15:40  11,9   05:26   2,2   1,2   0,0   0,6  17,7   15:49    SE
16  17,1  21,6   13:12  13,3   23:57   1,9   0,8   0,0   3,1  27,4   14:40    SE
17  16,0  20,9   15:26  11,2   05:13   2,8   0,5   0,0   2,1  25,7   12:56    SE
18  18,2  26,6   14:52   9,4   05:36   2,6   2,5   0,0   0,8  19,3   16:35    SE
19  19,8  25,8   11:28  13,6   23:54   0,8   2,3   3,1  13,4  53,1   04:55   NNE
20  15,4  18,5   13:10  13,3   06:04   2,9   0,0   1,5   0,7  20,9   14:08    SE
21  15,0  18,6   11:02  13,0   23:57   3,3   0,0  19,0   1,2  27,4   11:10   ESE
22  17,8  22,8   14:40  12,7   01:15   1,8   1,2   0,0   6,7  30,6   09:12     N
23  17,6  23,1   15:57  11,8   05:31   2,0   1,4   0,0   1,6  24,1   15:13   ENE
24  16,4  22,2   12:44  11,9   05:26   2,6   0,8   5,6   0,0   0,0   00:00     E
25  17,2  21,1   14:51  13,4   03:35   1,7   0,6   0,5  11,0  67,6   10:36   NNW
26  19,3  22,8   14:38  16,5   00:27   0,4   1,3   0,0   6,9  54,7   02:25     N
27  17,9  22,4   15:43  14,1   05:20   1,4   1,0   0,0  13,7  56,3   05:25    NW
28  19,2  23,7   14:15  15,2   02:39   0,9   1,8   0,0   9,5  35,4   10:47    NW
29  20,4  24,4   11:55  17,0   22:21   0,1   2,2   0,0   6,5  30,6   00:52   NNE
30  20,8  25,0   13:59  15,7   23:48   0,3   2,8   0,0   7,5  37,0   15:45   NNW
----------------------------------------------------------------------------------
    17,2  26,6    18     9,4    18    63,9  31,3  54,8   5,7  67,6     4       N

Max >=  30,0:  0
Max <=   5,0:  0
Min <=   5,0:  0
Min <=   0,0:  0
Max Rain: 21,8 on day 3
Days of Rain: 7 (>= 0,2 mm)  5 (>= 2,0 mm)  2 (>= 10,0 mm)
Heat Base: 18,3  Cool Base: 18,3  Method: Integration