Resums Climàtics NOAA

Selecciona un any o mes per veure el resum
2018: Gen Feb Mar abr Mai Jun jul Ago Set Oct Nov Des
2017: Gen Feb Mar abr Mai Jun jul Ago Set Oct Nov Des
2016: Gen Feb Mar abr Mai Jun jul Ago Set Oct Nov Des
2015: Gen Feb Mar abr Mai Jun jul Ago Set Oct Nov Des
2014: Gen Feb Mar abr Mai Jun jul Ago Set Oct Nov Des
2013: Gen Feb Mar abr Mai Jun jul Ago Set Oct Nov Des
2012: Gen Feb Mar abr Mai Jun jul Ago Set Oct Nov Des
2011: Gen Feb Mar abr Mai Jun jul Ago Set Oct Nov Des
2010: Gen Feb Mar abr Mai Jun jul Ago Set Oct Nov Des
2009: Gen Feb Mar abr Mai Jun jul Ago Set Oct Nov Des
2008: Gen Feb Mar abr Mai Jun jul Ago Set Oct Nov Des

Resum 2014 Maig
                   Monthly Climatological Summary for maig 2014

Name: MeteoTortosa   City: Tortosa   State: Baix Ebre
Elevation: 12 m  Lat: N 40° 49' 48"   Lon: E 000° 31' 12"

                  Temperature (°C), Rain (mm), Wind Speed (km/h)

                                      Heat  Cool        Avg
    Mean                              Deg   Deg         Wind                 Dom
Day Temp  High   Time   Low    Time   Days  Days  Rain  Speed High   Time    Dir
----------------------------------------------------------------------------------
 1  20,0  25,7   12:19  12,9   04:51   1,1   2,8   0,0   6,4  45,1   23:15     N
 2  18,7  22,6   14:18  15,7   23:50   0,7   1,1   0,0  22,2  64,4   09:48   NNW
 3  19,3  25,4   15:43  14,7   04:33   1,1   2,1   0,0  19,3  51,5   06:38   NNW
 4  17,3  22,2   11:42  13,4   23:52   1,8   0,8   0,0  10,7  51,5   00:33    NE
 5  17,0  21,7   13:16  11,6   05:02   2,1   0,8   0,0   5,6  33,8   12:29    SE
 6  17,5  21,3   11:27  12,9   05:05   1,4   0,6   0,0   5,6  35,4   12:46    SE
 7  18,5  22,1   13:10  15,3   23:59   0,9   1,0   0,0   2,6  27,4   17:36    SE
 8  18,5  22,8   11:33  13,3   05:00   1,2   1,5   0,0   4,0  37,0   13:14   ESE
 9  20,7  25,7   12:34  15,0   05:00   0,6   2,9   0,0   0,0   0,0   00:00     E
10  20,9  26,6   15:36  14,1   04:47   0,9   3,5   0,0   2,1  24,1   13:40    SE
11  21,3  27,8   13:29  16,2   05:33   0,3   3,3   0,0   0,0   0,0   00:00     E
12  16,7  18,8   16:34  13,7   08:11   1,6   0,0   1,3   0,9  20,9   13:33     E
13  19,1  23,4   14:49  15,8   23:48   0,6   1,5   0,0  13,3  45,1   08:01   NNW
14  17,7  22,9   12:48  12,8   23:54   1,8   1,2   0,0   8,9  37,0   01:25   NNE
15  18,3  24,6   14:30  11,8   04:51   1,9   1,9   0,0   1,5  24,1   15:44   SSE
16  18,5  22,3   12:44  13,1   05:33   1,1   1,3   0,0   2,9  32,2   13:30    SE
17  18,7  23,4   10:54  12,9   04:30   1,3   1,7   0,0   4,3  35,4   14:24    SE
18  17,6  21,8   11:19  14,6   05:46   1,4   0,7   0,0   2,6  25,7   14:04   ESE
19  18,5  21,9   14:24  14,2   05:13   0,9   1,1   0,0   6,2  37,0   13:07   ESE
20  19,1  21,5   10:28  17,6   03:31   0,1   0,9   0,0   9,0  32,2   11:56   ESE
21  20,2  23,7   15:02  16,1   23:31   0,2   2,0   0,0   5,9  35,4   11:53   ESE
22  17,3  23,4   12:03  12,8   23:29   1,8   0,9   0,3   5,1  30,6   16:21   NNE
23  17,6  23,9   12:57   9,6   05:10   2,5   1,8   0,0   4,2  38,6   13:13   NNE
24  15,9  17,8   12:19  13,7   00:24   2,4   0,0  45,4   6,7  38,6   05:50     E
25  17,5  21,1   16:24  13,3   04:06   1,6   0,7  15,5   2,3  29,0   11:02    SE
26  18,9  23,2   14:56  15,1   05:30   0,8   1,4   0,0   9,7  43,5   16:20   NNW
27  17,7  23,0   11:51  15,2   23:55   1,2   0,7   1,5   5,6  25,7   04:56   NNE
28  16,3  21,4   10:55  14,2   05:15   2,3   0,3  18,8   5,7  37,0   22:10     N
29  19,0  24,9   15:14  15,2   02:10   0,9   1,6   0,0  10,1  43,5   01:51     N
30  19,0  23,7   14:17  14,4   04:20   0,7   1,4   0,0   8,4  38,6   07:15     N
31  19,7  25,3   14:51  15,6   04:29   0,7   2,1   1,8  10,1  38,6   00:51   NNE
----------------------------------------------------------------------------------
    18,5  27,8    11     9,6    23    37,9  43,6  84,6   6,5  64,4     2     NNE

Max >=  30,0:  0
Max <=   5,0:  0
Min <=   5,0:  0
Min <=   0,0:  0
Max Rain: 45,4 on day 24
Days of Rain: 7 (>= 0,2 mm)  3 (>= 2,0 mm)  3 (>= 10,0 mm)
Heat Base: 18,3  Cool Base: 18,3  Method: Integration