Resums Climàtics NOAA

Selecciona un any o mes per veure el resum
2018: Gen Feb Mar abr Mai Jun jul Ago Set Oct Nov Des
2017: Gen Feb Mar abr Mai Jun jul Ago Set Oct Nov Des
2016: Gen Feb Mar abr Mai Jun jul Ago Set Oct Nov Des
2015: Gen Feb Mar abr Mai Jun jul Ago Set Oct Nov Des
2014: Gen Feb Mar abr Mai Jun jul Ago Set Oct Nov Des
2013: Gen Feb Mar abr Mai Jun jul Ago Set Oct Nov Des
2012: Gen Feb Mar abr Mai Jun jul Ago Set Oct Nov Des
2011: Gen Feb Mar abr Mai Jun jul Ago Set Oct Nov Des
2010: Gen Feb Mar abr Mai Jun jul Ago Set Oct Nov Des
2009: Gen Feb Mar abr Mai Jun jul Ago Set Oct Nov Des
2008: Gen Feb Mar abr Mai Jun jul Ago Set Oct Nov Des

Resum 2014 Juny
                   Monthly Climatological Summary for juny 2014

Name: MeteoTortosa   City: Tortosa   State: Baix Ebre
Elevation: 12 m  Lat: N 40° 49' 48"   Lon: E 000° 31' 12"

                  Temperature (°C), Rain (mm), Wind Speed (km/h)

                                      Heat  Cool        Avg
    Mean                              Deg   Deg         Wind                 Dom
Day Temp  High   Time   Low    Time   Days  Days  Rain  Speed High   Time    Dir
----------------------------------------------------------------------------------
 1  20,3  25,7   12:59  16,6   23:09   0,4   2,3   0,0   9,6  37,0   07:00   NNE
 2  20,4  25,2   13:36  15,7   01:23   0,4   2,5   0,0   7,9  37,0   07:11    NE
 3  20,4  25,1   16:29  13,6   04:29   0,9   3,0   0,0   4,4  29,0   14:40   ESE
 4  21,1  26,0   14:51  17,1   02:25   0,1   3,0   0,0   4,4  30,6   21:53   ESE
 5  20,7  22,5   13:28  17,4   05:10   0,0   2,4   0,0   7,4  35,4   11:58   ESE
 6  21,6  21,6   00:00  21,6   00:00   0,0   3,3   0,0  13,0  11,3   00:00   ESE
 7  21,2  25,4   09:42  17,1   05:00   0,1   3,0   0,0   4,1  25,7   11:10    SE
 8  22,5  26,4   14:42  19,8   00:00   0,0   4,2   0,0   3,8  25,7   11:27    SE
 9  23,7  29,1   13:39  18,9   04:53   0,0   5,4   0,0   3,3  27,4   12:05    SE
10  23,3  28,7   12:17  18,5   05:14   0,0   5,0   0,0   3,2  29,0   13:32    SE
11  24,7  30,0   12:07  18,5   04:08   0,0   6,4   0,0   2,4  25,7   17:18    SE
12  24,8  31,7   11:53  18,9   05:01   0,0   6,5   2,3   3,7  38,6   19:53   ENE
13  27,3  34,0   13:48  20,9   03:08   0,0   9,0   0,0   5,8  30,6   07:39    NE
14  27,4  32,5   13:33  22,3   23:48   0,0   9,1   0,0  15,5  53,1   20:37   NNW
15  23,2  28,9   12:03  20,1   23:40   0,0   4,9   0,0   9,5  41,8   01:54     N
16  22,2  26,3   13:21  17,6   05:35   0,0   3,9   0,0   4,6  29,0   03:04     E
17  22,3  28,2   13:59  16,4   04:59   0,1   4,1   0,5   4,2  41,8   21:25   ESE
18  21,4  25,5   11:22  15,7   05:01   0,4   3,5   0,0   3,0  30,6   12:59    SE
19  22,4  25,8   13:26  20,3   03:19   0,0   4,1   0,0   3,4  30,6   14:03    SE
20  23,6  27,6   13:21  18,7   04:49   0,0   5,3   0,0   5,9  33,8   14:23    SE
21  24,1  28,4   14:12  18,7   04:54   0,0   5,8   0,0   4,4  32,2   12:56    SE
22  23,5  27,6   14:23  18,7   05:19   0,0   5,2   0,0   2,9  29,0   12:31    SE
23  24,3  28,0   10:14  20,7   04:44   0,0   6,0   0,0   2,3  25,7   15:00    SE
24  21,0  23,3   01:22  18,8   14:05   0,0   2,7   3,8   7,8  35,4   13:52   NNE
25  22,1  26,7   12:29  17,9   01:54   0,0   3,8   0,0   5,8  33,8   07:38   NNE
26  24,5  28,9   11:17  20,9   00:36   0,0   6,2   0,0   5,8  30,6   13:12   NNE
27  23,8  28,0   11:40  18,8   04:58   0,0   5,5   0,0   4,8  30,6   12:47   ESE
28  24,6  27,8   12:03  20,3   04:30   0,0   6,3   0,0   6,8  41,8   23:47    SE
29  24,7  28,8   16:42  20,6   05:49   0,0   6,4   0,0  15,6  46,7   07:41   NNW
30  23,7  27,2   11:32  20,2   04:52   0,0   5,4   0,0   7,0  35,4   14:11     E
----------------------------------------------------------------------------------
    23,0  34,0    13    13,6     3     2,4 144,2   6,6   6,1  53,1    14     ENE

Max >=  30,0:  4
Max <=   5,0:  0
Min <=   5,0:  0
Min <=   0,0:  0
Max Rain: 3,8 on day 24
Days of Rain: 3 (>= 0,2 mm)  2 (>= 2,0 mm)  0 (>= 10,0 mm)
Heat Base: 18,3  Cool Base: 18,3  Method: Integration