Resums Climàtics NOAA

Selecciona un any o mes per veure el resum
2018: Gen Feb Mar abr Mai Jun jul Ago Set Oct Nov Des
2017: Gen Feb Mar abr Mai Jun jul Ago Set Oct Nov Des
2016: Gen Feb Mar abr Mai Jun jul Ago Set Oct Nov Des
2015: Gen Feb Mar abr Mai Jun jul Ago Set Oct Nov Des
2014: Gen Feb Mar abr Mai Jun jul Ago Set Oct Nov Des
2013: Gen Feb Mar abr Mai Jun jul Ago Set Oct Nov Des
2012: Gen Feb Mar abr Mai Jun jul Ago Set Oct Nov Des
2011: Gen Feb Mar abr Mai Jun jul Ago Set Oct Nov Des
2010: Gen Feb Mar abr Mai Jun jul Ago Set Oct Nov Des
2009: Gen Feb Mar abr Mai Jun jul Ago Set Oct Nov Des
2008: Gen Feb Mar abr Mai Jun jul Ago Set Oct Nov Des

Resum 2014 juliol
                   Monthly Climatological Summary for jul 2014

Name: MeteoTortosa   City: Tortosa   State: Baix Ebre
Elevation: 12 m  Lat: N 40° 49' 48"   Lon: E 000° 31' 12"

                  Temperature (°C), Rain (mm), Wind Speed (km/h)

                                      Heat  Cool        Avg
    Mean                              Deg   Deg         Wind                 Dom
Day Temp  High   Time   Low    Time   Days  Days  Rain  Speed High   Time    Dir
----------------------------------------------------------------------------------
 1  23,6  27,2   11:43  20,3   23:10   0,0   5,3   0,3   3,3  35,4   14:06   ESE
 2  22,9  26,6   12:46  20,3   00:00   0,0   4,6   0,2   5,2  33,8   13:19     E
 3  22,5  26,3   15:20  17,8   23:58   0,0   4,1  27,0   4,0  33,8   16:40   ENE
 4  24,2  29,9   16:48  17,7   00:27   0,0   5,9   0,0   7,8  32,2   08:29   NNW
 5  24,8  30,0   15:01  18,0   05:00   0,0   6,5   0,0   3,9  27,4   17:23    SE
 6  24,5  28,3   14:17  20,8   04:51   0,0   6,2   0,0   2,8  32,2   23:58     E
 7  23,1  27,8   16:36  19,7   05:32   0,0   4,8   0,0  12,9  38,6   04:53     N
 8  24,6  28,4   14:06  20,1   05:09   0,0   6,3   0,0   7,2  37,0   23:22     N
 9  23,7  26,8   15:12  20,2   23:53   0,0   5,4   0,0  15,9  51,5   13:50    NW
10  23,1  27,9   15:40  18,7   04:55   0,0   4,8   0,0  19,1  48,3   01:39   NNW
11  24,3  29,7   15:18  18,9   04:03   0,0   6,0   0,0  16,2  53,1   00:18   NNW
12  24,7  29,6   16:12  20,1   04:48   0,0   6,4   0,0  10,7  40,2   01:37    NW
13  24,6  28,5   16:03  19,9   01:57   0,0   6,3   0,0   4,9  27,4   06:06   ENE
14  25,9  30,4   11:44  21,2   01:58   0,0   7,6   0,0   9,1  35,4   06:29    NE
15  24,9  28,3   14:09  20,8   05:29   0,0   6,6   0,0   4,2  32,2   14:29    SE
16  25,5  29,4   14:17  22,2   05:37   0,0   7,2   0,0   5,3  32,2   13:37    SE
17  25,9  29,2   12:11  22,5   03:13   0,0   7,6   0,0   7,5  37,0   13:18    SE
18  26,1  29,4   14:53  21,9   04:23   0,0   7,8   0,0   5,8  49,9   20:47    SE
19  26,7  30,7   13:42  22,4   05:36   0,0   8,4   0,0   3,1  25,7   12:02    SE
20  27,6  30,8   14:50  24,1   23:46   0,0   9,3   0,0  15,3  46,7   15:51   NNW
21  26,7  31,4   16:13  22,2   05:11   0,0   8,4   0,0  15,7  54,7   02:04   NNW
22  26,5  31,9   12:55  22,1   23:43   0,0   8,2   0,0   9,1  38,6   05:35   NNE
23  24,8  28,9   12:11  18,4   05:19   0,0   6,5   0,0   3,9  29,0   14:11    SE
24  25,2  29,9   12:14  21,3   04:55   0,0   6,9   0,0   2,6  35,4   15:03    SE
25  25,9  30,0   10:56  22,3   01:57   0,0   7,6   0,0   3,5  30,6   11:03   ESE
26  25,6  29,3   13:51  21,1   05:32   0,0   7,3   0,0   4,1  33,8   12:49    SE
27  26,9  30,9   16:58  23,2   05:24   0,0   8,6   0,0   3,2  29,0   14:14    SE
28  26,1  29,3   10:32  22,1   04:40   0,0   7,8   0,0   2,5  32,2   23:55    SE
29  25,7  29,8   15:12  22,3   06:23   0,0   7,4   0,0  17,8  56,3   07:09    NW
30  25,1  29,9   12:53  20,3   04:59   0,0   6,8   0,0   9,5  40,2   06:06     N
31  26,1  30,0   11:01  19,7   01:53   0,0   7,8   0,0   4,4  29,0   14:27     E
----------------------------------------------------------------------------------
    25,1  31,9    22    17,7     4     0,0 210,4  27,5   7,8  56,3    29       N

Max >=  30,0:  9
Max <=   5,0:  0
Min <=   5,0:  0
Min <=   0,0:  0
Max Rain: 27,0 on day 3
Days of Rain: 3 (>= 0,2 mm)  1 (>= 2,0 mm)  1 (>= 10,0 mm)
Heat Base: 18,3  Cool Base: 18,3  Method: Integration