Resums Climàtics NOAA

Selecciona un any o mes per veure el resum
2018: Gen Feb Mar abr Mai Jun jul Ago Set Oct Nov Des
2017: Gen Feb Mar abr Mai Jun jul Ago Set Oct Nov Des
2016: Gen Feb Mar abr Mai Jun jul Ago Set Oct Nov Des
2015: Gen Feb Mar abr Mai Jun jul Ago Set Oct Nov Des
2014: Gen Feb Mar abr Mai Jun jul Ago Set Oct Nov Des
2013: Gen Feb Mar abr Mai Jun jul Ago Set Oct Nov Des
2012: Gen Feb Mar abr Mai Jun jul Ago Set Oct Nov Des
2011: Gen Feb Mar abr Mai Jun jul Ago Set Oct Nov Des
2010: Gen Feb Mar abr Mai Jun jul Ago Set Oct Nov Des
2009: Gen Feb Mar abr Mai Jun jul Ago Set Oct Nov Des
2008: Gen Feb Mar abr Mai Jun jul Ago Set Oct Nov Des

Resum 2014 Agost
                   Monthly Climatological Summary for ag 2014

Name: MeteoTortosa   City: Tortosa   State: Baix Ebre
Elevation: 12 m  Lat: N 40° 49' 48"   Lon: E 000° 31' 12"

                  Temperature (°C), Rain (mm), Wind Speed (km/h)

                                      Heat  Cool        Avg
    Mean                              Deg   Deg         Wind                 Dom
Day Temp  High   Time   Low    Time   Days  Days  Rain  Speed High   Time    Dir
----------------------------------------------------------------------------------
 1  25,0  28,3   13:32  22,0   04:35   0,0   6,7   0,0   3,4  27,4   13:55   ESE
 2  23,4  28,3   10:19  18,9   23:43   0,0   5,1   2,7   2,8  22,5   07:31   NNE
 3  24,2  29,2   13:33  18,4   04:16   0,0   5,9   0,0   2,3  30,6   14:56    SE
 4  25,3  28,9   14:04  21,5   02:59   0,0   7,0   0,0   3,0  29,0   11:37    SE
 5  25,6  29,3   13:32  22,1   05:05   0,0   7,3   0,0   3,0  25,7   13:46    SE
 6  27,2  31,3   14:21  24,3   04:41   0,0   8,9   0,0   2,2  24,1   13:36    SE
 7  26,7  30,8   13:13  22,7   05:05   0,0   8,4   0,0   2,9  29,0   13:52    SE
 8  26,3  29,1   14:00  24,4   02:42   0,0   8,0   0,6   4,3  33,8   12:29    SE
 9  26,2  28,9   12:25  24,0   00:51   0,0   7,9   0,0   6,8  37,0   08:23   ESE
10  27,6  32,4   14:32  23,4   05:37   0,0   9,3   0,0   2,8  27,4   14:44    SE
11  26,8  30,2   13:03  24,1   03:09   0,0   8,5   0,0   3,3  29,0   12:20   ESE
12  25,7  28,0   13:27  22,4   09:03   0,0   7,4   1,7   3,0  27,4   12:40    SE
13  25,9  29,2   14:07  23,5   23:40   0,0   7,6   0,0  14,4  61,2   07:56   NNW
14  23,9  28,5   13:35  20,7   05:08   0,0   5,6   0,0   9,4  38,6   08:52     N
15  24,9  29,0   12:32  20,9   00:23   0,0   6,6   0,0   9,4  37,0   07:49   NNE
16  22,9  25,4   14:17  20,0   23:29   0,0   4,6   0,0   9,3  38,6   07:02   NNE
17  18,7  20,7   00:00  17,7   02:38   0,0   0,4   0,0   0,1  11,3   00:08   NNE
18  22,9  28,4   12:55  18,7   00:00   0,0   4,6   0,0   0,0   0,0   00:00     E
19  26,1  28,8   13:50  25,3   18:10   0,0   7,8   0,0   4,0  29,0   11:22    SE
20  25,4  28,2   11:51  24,3   14:48   0,0   7,1   0,8   8,6  38,6   12:50   ESE
21  24,7  24,7   00:00  24,7   00:00   0,0   6,4   0,0   8,7   0,0   00:00     E
22  25,6  27,8   11:44  24,7   00:00   0,0   5,3   0,0   8,9  30,6   14:20   ESE
23  25,9  28,2   12:55   0,0   00:00   0,0   4,1   0,0   3,4  24,1   11:01    SE
24  26,0  27,9   15:32  23,9   10:13   0,0   7,7   0,0   2,4  22,5   13:08   SSE
25  26,8  29,3   11:49  26,0   18:09   0,0   8,5   0,0   4,7  27,4   15:23    SE
26  29,3  33,3   15:49  26,0   00:00   0,0  11,0   0,0   4,9  25,7   13:26    SE
27  29,3  31,6   00:00  26,1   17:22   0,0  11,0   0,0   3,1  29,0   15:29   ESE
28  26,9  28,9   12:52  26,2   00:00   0,0   8,6   0,0   4,9  33,8   13:58    SE
29  26,7  29,4   13:09  25,8   17:54   0,0   8,4   0,0   4,1  29,0   14:13   ESE
30  26,0  28,4   12:22  25,2   17:15   0,0   7,7   0,0   2,6  24,1   13:58    SE
31  26,9  29,3   13:54  25,2   00:00   0,0   8,6   0,0   4,6  25,7   15:54    SE
----------------------------------------------------------------------------------
    25,6  33,3    26     0,0    23     0,0 222,0   5,8   4,7  61,2    13       E

Max >=  30,0:  6
Max <=   5,0:  0
Min <=   5,0:  1
Min <=   0,0:  1
Max Rain: 2,7 on day 2
Days of Rain: 4 (>= 0,2 mm)  1 (>= 2,0 mm)  0 (>= 10,0 mm)
Heat Base: 18,3  Cool Base: 18,3  Method: Integration