Resums Climàtics NOAA

Selecciona un any o mes per veure el resum
2018: Gen Feb Mar abr Mai Jun jul Ago Set Oct Nov Des
2017: Gen Feb Mar abr Mai Jun jul Ago Set Oct Nov Des
2016: Gen Feb Mar abr Mai Jun jul Ago Set Oct Nov Des
2015: Gen Feb Mar abr Mai Jun jul Ago Set Oct Nov Des
2014: Gen Feb Mar abr Mai Jun jul Ago Set Oct Nov Des
2013: Gen Feb Mar abr Mai Jun jul Ago Set Oct Nov Des
2012: Gen Feb Mar abr Mai Jun jul Ago Set Oct Nov Des
2011: Gen Feb Mar abr Mai Jun jul Ago Set Oct Nov Des
2010: Gen Feb Mar abr Mai Jun jul Ago Set Oct Nov Des
2009: Gen Feb Mar abr Mai Jun jul Ago Set Oct Nov Des
2008: Gen Feb Mar abr Mai Jun jul Ago Set Oct Nov Des

Resum 2014 Setembre
                   Monthly Climatological Summary for set 2014

Name: MeteoTortosa   City: Tortosa   State: Baix Ebre
Elevation: 12 m  Lat: N 40° 49' 48"   Lon: E 000° 31' 12"

                  Temperature (°C), Rain (mm), Wind Speed (km/h)

                                      Heat  Cool        Avg
    Mean                              Deg   Deg         Wind                 Dom
Day Temp  High   Time   Low    Time   Days  Days  Rain  Speed High   Time    Dir
----------------------------------------------------------------------------------
 1  28,0  32,6   11:38  26,7   18:00   0,0   9,7   0,0   8,1  29,0   12:51   ESE
 2  27,7  30,2   12:22  26,6   17:51   0,0   7,0   0,0   7,3  25,7   17:20   ESE
 3  26,5  28,9   11:12   0,0   00:00   0,0   4,9   0,0   8,1  30,6   13:22   ESE
 4  25,8  29,0   11:46  23,6   23:40   0,0   7,5   0,5   3,4  35,4   11:59   ESE
 5  25,8  29,2   12:23  23,2   05:24   0,0   7,5   0,0   2,1  25,7   15:48    SE
 6  25,9  29,5   12:00  23,1   03:24   0,0   7,6   0,0   2,5  25,7   13:42    SE
 7  26,3  30,0   14:15  23,0   05:28   0,0   8,0   0,0   2,8  27,4   14:22    SE
 8  24,5  31,1   12:04  20,8   23:53   0,0   6,2   4,6   1,3  27,4   17:43   NNE
 9  24,0  28,8   12:12  19,8   02:24   0,0   5,7   0,0   1,0  24,1   13:17    SE
10  24,9  29,6   13:18  20,4   06:01   0,0   6,6   0,0   2,0  29,0   14:02    SE
11  26,4  34,3   12:50  20,8   05:37   0,0   8,1   0,0   2,0  27,4   14:19   ESE
12  25,7  31,3   11:29  20,3   05:15   0,0   7,4   0,0   2,3  29,0   14:12    SE
13  25,5  29,9   11:57  22,2   05:48   0,0   7,2   0,5   1,5  20,9   13:19    SE
14  23,7  29,8   11:44  19,8   14:50   0,0   5,4  14,0   1,9  64,4   14:18     E
15  23,9  27,7   11:25  19,8   06:07   0,0   5,6   0,0   0,8  20,9   13:05    SE
16  24,2  26,6   12:31  21,9   00:39   0,0   5,9   1,7   4,9  30,6   12:11   ESE
17  24,5  28,9   12:16  20,7   06:13   0,0   6,2   0,3   1,3  24,1   11:59    SE
18  24,3  28,2   11:01  21,3   06:25   0,0   6,0   0,2   1,7  24,1   12:35   ESE
19  24,3  29,1   12:39  20,3   06:32   0,0   6,0   0,0   2,9  27,4   16:18     E
20  24,6  31,7   13:36  19,5   04:30   0,0   6,3   0,0   2,5  22,5   11:00   NNE
21  23,5  28,4   13:33  20,1   05:31   0,0   5,2   0,0   1,7  29,0   08:07    NE
22  19,9  22,8   03:35  18,2   09:22   0,0   1,6  35,1   1,6  24,1   07:34     N
23  19,8  25,1   13:03  18,0   01:47   0,0   1,6   2,8   1,5  24,1   09:41     N
24  20,8  24,3   13:44  17,7   03:23   0,1   2,6   0,0   8,8  30,6   11:36   NNE
25  20,1  25,3   14:58  15,8   23:55   0,2   2,0   0,0   8,2  38,6   04:00     N
26  19,9  26,4   13:47  14,9   04:07   0,9   2,4   0,0   2,4  25,7   15:32   NNE
27  19,9  24,3   13:54  15,8   04:06   0,6   2,1   0,0   1,7  24,1   11:25   ESE
28  19,6  21,6   16:32  18,6   03:29   0,0   1,3  53,8   0,1  16,1   05:07   NNW
29  21,3  25,9   13:51  17,6   05:51   0,1   3,1   0,3   0,6  17,7   09:36     N
30  20,6  23,8   15:07  18,4   23:55   0,0   2,3  15,7   1,8  24,1   13:38   NNE
----------------------------------------------------------------------------------
    23,7  34,3    11     0,0     3     1,9 159,0 129,5   2,8  64,4    14       E

Max >=  30,0:  7
Max <=   5,0:  0
Min <=   5,0:  1
Min <=   0,0:  1
Max Rain: 53,8 on day 28
Days of Rain: 12 (>= 0,2 mm)  6 (>= 2,0 mm)  4 (>= 10,0 mm)
Heat Base: 18,3  Cool Base: 18,3  Method: Integration