Resums Climàtics NOAA

Selecciona un any o mes per veure el resum
2018: Gen Feb Mar abr Mai Jun jul Ago Set Oct Nov Des
2017: Gen Feb Mar abr Mai Jun jul Ago Set Oct Nov Des
2016: Gen Feb Mar abr Mai Jun jul Ago Set Oct Nov Des
2015: Gen Feb Mar abr Mai Jun jul Ago Set Oct Nov Des
2014: Gen Feb Mar abr Mai Jun jul Ago Set Oct Nov Des
2013: Gen Feb Mar abr Mai Jun jul Ago Set Oct Nov Des
2012: Gen Feb Mar abr Mai Jun jul Ago Set Oct Nov Des
2011: Gen Feb Mar abr Mai Jun jul Ago Set Oct Nov Des
2010: Gen Feb Mar abr Mai Jun jul Ago Set Oct Nov Des
2009: Gen Feb Mar abr Mai Jun jul Ago Set Oct Nov Des
2008: Gen Feb Mar abr Mai Jun jul Ago Set Oct Nov Des

Resum 2014 Octubre
                   Monthly Climatological Summary for oct 2014

Name: MeteoTortosa   City: Tortosa   State: Baix Ebre
Elevation: 12 m  Lat: N 40° 49' 48"   Lon: E 000° 31' 12"

                  Temperature (°C), Rain (mm), Wind Speed (km/h)

                                      Heat  Cool        Avg
    Mean                              Deg   Deg         Wind                 Dom
Day Temp  High   Time   Low    Time   Days  Days  Rain  Speed High   Time    Dir
----------------------------------------------------------------------------------
 1  20,8  25,4   13:25  16,6   05:54   0,3   2,7   0,3   1,1  17,7   09:02   NNE
 2  21,1  27,2   12:59  16,5   05:38   0,3   3,1   0,2   2,1  20,9   09:01   NNE
 3  20,6  27,2   12:59  15,8   05:34   0,6   2,9   0,3   0,4  19,3   14:47    SE
 4  21,0  26,3   14:05  16,2   05:08   0,5   3,2   0,0   0,4  17,7   15:58    SE
 5  21,4  25,2   12:34  19,2   02:57   0,0   3,1   0,0   3,1  27,4   06:39   NNE
 6  20,6  25,2   12:26  16,3   06:23   0,3   2,6   0,0   0,9  19,3   13:26    SE
 7  20,8  27,4   13:22  16,4   05:47   0,4   2,9   0,2   1,2  19,3   11:24     E
 8  20,7  26,8   11:51  15,7   06:19   0,7   3,1   0,3   1,8  22,5   14:53    SE
 9  21,2  26,8   13:20  17,2   04:07   0,2   3,1   0,0   0,9  20,9   15:52    SE
10  19,7  25,1   12:21  17,0   06:58   0,2   1,6   3,8   1,4  27,4   13:25     E
11  20,5  24,3   12:43  16,7   06:05   0,3   2,5   0,3   1,6  24,1   11:59   ESE
12  21,1  26,4   14:27  15,9   23:57   0,2   3,0   3,0   1,5  35,4   16:21     S
13  18,7  24,2   14:03  13,6   04:25   1,4   1,7   0,3   0,6  20,9   14:57     E
14  18,5  21,2   15:20  15,9   06:14   0,4   0,7   0,0   3,1  25,7   16:37   NNE
15  19,9  24,5   13:38  16,1   23:18   0,3   1,9   0,0   5,3  27,4   06:44     N
16  20,1  27,8   12:42  15,1   03:32   0,9   2,7   0,0   0,7  19,3   13:48    SE
17  19,9  27,5   11:51  14,6   05:44   1,1   2,7   0,2   0,4  17,7   14:40    SE
21  19,8  27,8   14:30  12,9   05:44   1,4   2,6   0,0  ----  16,1   12:41    SE
22  21,2  23,9   14:27   0,0   09:24   0,1   1,9   0,0  14,6  53,1   09:34   NNW
23  22,6  27,8   15:29  14,7   00:15   0,3   4,5   0,0   9,9  45,1   21:10     N
24  21,2  27,9   12:10  13,9   06:50   0,8   3,6   0,0   2,8  46,7   02:00     N
25  19,6  29,2   13:00  13,2   06:20   1,7   3,0   0,0   0,0  11,3   14:50    SE
26  19,2  24,1   12:00  13,7   06:50   1,2   2,1   0,0   1,9  25,7   12:40   ESE
27  20,0  21,4   13:20  19,2   23:40   0,0   1,7   0,0   4,3  25,7   11:00   ESE
28  19,3  20,8   13:40  17,6   23:30   0,0   1,0   0,5   1,5  20,9   10:50     E
----------------------------------------------------------------------------------
    20,4  29,2    25     0,0    22    13,6  63,9   9,4   2,4  53,1    22     NNE

Max >=  30,0:  0
Max <=   5,0:  0
Min <=   5,0:  1
Min <=   0,0:  1
Max Rain: 3,8 on day 10
Days of Rain: 11 (>= 0,2 mm)  2 (>= 2,0 mm)  0 (>= 10,0 mm)
Heat Base: 18,3  Cool Base: 18,3  Method: Integration