Resums Climàtics NOAA

Selecciona un any o mes per veure el resum
2018: Gen Feb Mar abr Mai Jun jul Ago Set Oct Nov Des
2017: Gen Feb Mar abr Mai Jun jul Ago Set Oct Nov Des
2016: Gen Feb Mar abr Mai Jun jul Ago Set Oct Nov Des
2015: Gen Feb Mar abr Mai Jun jul Ago Set Oct Nov Des
2014: Gen Feb Mar abr Mai Jun jul Ago Set Oct Nov Des
2013: Gen Feb Mar abr Mai Jun jul Ago Set Oct Nov Des
2012: Gen Feb Mar abr Mai Jun jul Ago Set Oct Nov Des
2011: Gen Feb Mar abr Mai Jun jul Ago Set Oct Nov Des
2010: Gen Feb Mar abr Mai Jun jul Ago Set Oct Nov Des
2009: Gen Feb Mar abr Mai Jun jul Ago Set Oct Nov Des
2008: Gen Feb Mar abr Mai Jun jul Ago Set Oct Nov Des

Resum 2015 Agost
                   Monthly Climatological Summary for ago. 2015

Name: MeteoTortosa   City: Tortosa   State: Baix Ebre
Elevation: 12 m  Lat: N 40° 49' 48"   Lon: E 000° 31' 12"

                  Temperature (°C), Rain (mm), Wind Speed (km/h)

                                      Heat  Cool        Avg
    Mean                              Deg   Deg         Wind                 Dom
Day Temp  High   Time   Low    Time   Days  Days  Rain  Speed High   Time    Dir
----------------------------------------------------------------------------------
 1  19,4  19,4   00:00  19,4   00:00   0,0   1,1   0,0  10,6   8,0   00:00     N
 2  20,6  26,6   18:50  19,4   00:00   0,0   2,3   0,0   8,5  32,2   12:10     N
 3  26,8  30,7   14:28  22,1   05:10   0,0   8,5   0,0   4,8  32,2   13:59    SE
 4  28,3  32,6   12:18  24,3   06:20   0,0  10,0   0,0   4,6  29,0   16:14    SE
 5  27,4  31,1   12:51  23,8   05:43   0,0   9,1   0,0   5,4  30,6   13:04    SE
 6  27,6  30,9   13:39  24,3   04:11   0,0   9,3   0,0   3,6  30,6   15:44    SE
 7  28,3  32,1   14:49  24,2   04:18   0,0  10,0   0,0   3,2  29,0   01:20    SE
 8  24,3  27,8   00:37  21,1   15:27   0,0   6,0   3,8   9,3  45,1   12:44     N
 9  25,0  31,1   15:40  21,1   06:17   0,0   6,7   0,0  11,8  41,8   07:21     N
10  25,9  32,3   13:36  21,9   05:17   0,0   7,6   0,0  10,6  33,8   02:50   NNE
11  25,8  29,8   14:25  20,2   05:04   0,0   7,5   0,0   4,0  30,6   11:54    SE
12  28,3  31,9   11:34  26,2   05:11   0,0  10,0   0,0   4,4  32,2   13:28    SE
13  29,4  34,3   13:03  25,1   04:51   0,0  11,1   0,0   7,6  38,6   15:01     N
14  26,2  30,0   14:40  22,7   05:22   0,0   7,9   0,0  13,2  43,5   06:29   NNW
15  23,7  27,2   15:13  20,2   22:53   0,0   5,3   0,0   7,2  40,2   04:52   NNW
16  24,9  28,8   14:15  20,7   05:30   0,0   6,6   0,0   5,2  33,8   03:49   NNE
17  24,8  26,8   11:51  22,8   05:03   0,0   6,5   0,0   3,3  32,2   11:15     E
18  22,1  23,6   13:04  19,3   23:55   0,0   3,8   0,0   1,6  20,9   05:45   NNE
19  23,2  28,5   12:55  18,1   05:49   0,0   5,0   0,0   1,8  27,4   16:06    SE
20  25,0  30,0   12:08  19,1   04:47   0,0   6,7   0,0   2,4  27,4   15:03    SE
21  26,2  30,3   11:59  21,7   05:21   0,0   7,9   0,2   3,3  30,6   12:35    SE
22  25,3  28,9   13:44  22,8   07:39   0,0   7,0   3,6   2,7  32,2   14:42    SE
23  26,2  31,4   11:24  21,6   05:29   0,0   7,9   0,0   1,6  25,7   12:47    SE
24  24,9  29,5   13:22  19,6   05:07   0,0   6,6   0,0   7,7  43,5   07:12   NNW
25  24,0  28,5   14:00  18,4   01:42   0,0   5,7   0,0   2,7  25,7   10:34    SE
26  25,6  30,2   12:27  20,3   05:23   0,0   7,3   0,0   4,1  32,2   13:47    SE
27  26,0  29,6   12:43  21,2   05:47   0,0   7,7   0,0   4,9  35,4   15:03    SE
28  25,7  30,5   13:08  20,2   06:07   0,0   7,4   0,0   3,6  35,4   14:17    SE
29  25,9  30,3   13:05  22,5   05:39   0,0   7,6   0,0   2,7  27,4   15:17   ESE
30  25,6  29,5   14:13  21,2   04:20   0,0   7,3   0,0   2,6  25,7   12:42    SE
31  25,8  30,6   14:36  21,1   21:03   0,0   7,5   9,4   3,9  35,4   20:48   ESE
----------------------------------------------------------------------------------
    25,4  34,3    13    18,1    19     0,0 220,9  17,0   5,3  45,1     8      NE

Max >=  30,0: 17
Max <=   5,0:  0
Min <=   5,0:  0
Min <=   0,0:  0
Max Rain: 9,4 on day 31
Days of Rain: 4 (>= 0,2 mm)  3 (>= 2,0 mm)  0 (>= 10,0 mm)
Heat Base: 18,3  Cool Base: 18,3  Method: Integration