Resums Climàtics NOAA

Selecciona un any o mes per veure el resum
2018: Gen Feb Mar abr Mai Jun jul Ago Set Oct Nov Des
2017: Gen Feb Mar abr Mai Jun jul Ago Set Oct Nov Des
2016: Gen Feb Mar abr Mai Jun jul Ago Set Oct Nov Des
2015: Gen Feb Mar abr Mai Jun jul Ago Set Oct Nov Des
2014: Gen Feb Mar abr Mai Jun jul Ago Set Oct Nov Des
2013: Gen Feb Mar abr Mai Jun jul Ago Set Oct Nov Des
2012: Gen Feb Mar abr Mai Jun jul Ago Set Oct Nov Des
2011: Gen Feb Mar abr Mai Jun jul Ago Set Oct Nov Des
2010: Gen Feb Mar abr Mai Jun jul Ago Set Oct Nov Des
2009: Gen Feb Mar abr Mai Jun jul Ago Set Oct Nov Des
2008: Gen Feb Mar abr Mai Jun jul Ago Set Oct Nov Des

Resum 2015 Setembre
                   Monthly Climatological Summary for sep. 2015

Name: MeteoTortosa   City: Tortosa   State: Baix Ebre
Elevation: 12 m  Lat: N 40° 49' 48"   Lon: E 000° 31' 12"

                  Temperature (°C), Rain (mm), Wind Speed (km/h)

                                      Heat  Cool        Avg
    Mean                              Deg   Deg         Wind                 Dom
Day Temp  High   Time   Low    Time   Days  Days  Rain  Speed High   Time    Dir
----------------------------------------------------------------------------------
 1  25,8  30,7   14:00  21,6   01:43   0,0   7,5   0,0   8,6  38,6   04:22     N
 2  22,8  25,2   14:52  19,2   05:56   0,0   4,5   4,6   2,7  38,6   06:43   NNE
 3  22,6  24,2   16:05  21,6   22:05   0,0   4,3   0,0   5,5  30,6   09:15   NNE
 4  19,0  21,8   00:50  16,1   11:36   0,4   1,1  19,3   6,6  30,6   09:52     N
 5  21,1  22,9   11:39  17,4   05:19   0,1   2,8   0,0  15,7  48,3   06:03     N
 6  22,8  26,6   13:19  18,6   23:42   0,0   4,5   0,0   7,6  29,0   08:51     N
 7  21,4  25,8   12:59  17,3   01:51   0,1   3,2   0,0   3,8  29,0   08:19     N
 8  19,5  22,6   15:17  16,2   23:59   0,2   1,5   0,0   1,0  20,9   06:38     N
 9  20,8  26,3   11:53  14,6   04:27   1,0   3,5   0,0   2,0  30,6   14:41    SE
10  22,0  25,4   12:59  20,0   04:45   0,0   3,7   0,7   3,1  33,8   14:16     E
11  23,2  25,9   13:07  20,0   05:55   0,0   4,9   1,0   3,0  30,6   12:50   ESE
12  24,0  27,2   11:13  20,7   23:47   0,0   5,7   0,8   2,1  27,4   12:25    SE
13  25,0  29,6   15:31  18,0   06:17   0,0   6,7   0,0   1,8  24,1   13:56    SE
14  25,0  28,6   00:00  21,0   21:39   0,0   6,7   0,0   4,6  38,6   11:15     N
15  23,4  26,9   11:00  19,4   05:15   0,0   5,1   0,0   2,5  27,4   11:26   ESE
16  25,5  31,5   13:06  18,3   05:50   0,0   7,2   0,0   1,8  29,0   16:17     S
17  23,1  26,5   15:09  19,9   21:00   0,0   4,8   0,0  11,4  43,5   00:27   NNW
18  21,0  26,6   13:49  15,9   23:22   0,2   2,9   0,0   9,0  37,0   08:57   NNE
19  20,7  27,1   12:55  14,9   04:32   0,9   3,3   0,0   1,8  25,7   15:58   SSE
20  21,8  27,4   12:23  16,2   01:53   0,2   3,7   0,0   4,3  32,2   07:24    NE
21  21,9  29,2   13:49  14,8   06:13   0,7   4,3   0,0   1,4  22,5   13:57    SE
22  22,5  29,3   13:33  14,9   05:49   0,5   4,7   0,0   8,5  57,9   23:49     N
23  21,0  25,0   13:00  19,2   23:55   0,0   2,6   0,0  11,2  54,7   00:00   NNW
24  20,5  25,3   13:55  16,0   23:59   0,3   2,5   0,0   6,8  33,8   03:20   NNE
25  20,2  26,3   13:42  13,7   05:42   1,1   3,0   0,0   2,2  22,5   14:04    SE
26  21,5  26,2   12:43  16,4   06:00   0,2   3,4   0,0   1,9  25,7   14:28    SE
27  19,6  23,4   14:20  17,1   23:55   0,1   1,4   0,0   0,8  25,7   13:31   ESE
28  19,9  24,5   12:41  15,8   05:22   0,7   2,2   0,0   1,7  25,7   13:15   ESE
29  18,2  22,9   12:40  14,5   05:11   1,0   0,9   3,6   1,8  25,7   12:58    SE
30  17,6  22,4   13:02  14,8   23:59   1,3   0,6   4,5   2,5  25,7   13:48   NNE
----------------------------------------------------------------------------------
    21,8  31,5    16    13,7    25     9,0 113,2  34,5   4,6  57,9    22     NNE

Max >=  30,0:  2
Max <=   5,0:  0
Min <=   5,0:  0
Min <=   0,0:  0
Max Rain: 19,3 on day 4
Days of Rain: 7 (>= 0,2 mm)  4 (>= 2,0 mm)  1 (>= 10,0 mm)
Heat Base: 18,3  Cool Base: 18,3  Method: Integration