Resums Climàtics NOAA

Selecciona un any o mes per veure el resum
2018: Gen Feb Mar abr Mai Jun jul Ago Set Oct Nov Des
2017: Gen Feb Mar abr Mai Jun jul Ago Set Oct Nov Des
2016: Gen Feb Mar abr Mai Jun jul Ago Set Oct Nov Des
2015: Gen Feb Mar abr Mai Jun jul Ago Set Oct Nov Des
2014: Gen Feb Mar abr Mai Jun jul Ago Set Oct Nov Des
2013: Gen Feb Mar abr Mai Jun jul Ago Set Oct Nov Des
2012: Gen Feb Mar abr Mai Jun jul Ago Set Oct Nov Des
2011: Gen Feb Mar abr Mai Jun jul Ago Set Oct Nov Des
2010: Gen Feb Mar abr Mai Jun jul Ago Set Oct Nov Des
2009: Gen Feb Mar abr Mai Jun jul Ago Set Oct Nov Des
2008: Gen Feb Mar abr Mai Jun jul Ago Set Oct Nov Des

Resum 2015 Octubre
                   Monthly Climatological Summary for oct. 2015

Name: MeteoTortosa   City: Tortosa   State: Baix Ebre
Elevation: 12 m  Lat: N 40° 49' 48"   Lon: E 000° 31' 12"

                  Temperature (°C), Rain (mm), Wind Speed (km/h)

                                      Heat  Cool        Avg
    Mean                              Deg   Deg         Wind                 Dom
Day Temp  High   Time   Low    Time   Days  Days  Rain  Speed High   Time    Dir
----------------------------------------------------------------------------------
 1  18,3  22,9   11:17  13,2   04:07   1,6   1,6   0,3   2,1  27,4   11:43    SE
 2  20,0  23,7   13:29  17,5   06:54   0,1   1,8   0,0   1,5  30,6   14:08   ESE
 3  18,2  20,1   13:58  15,8   23:48   0,6   0,5   0,0   0,0   0,0   00:00   ---
 4  18,6  22,2   13:38  14,4   03:37   1,2   1,5   0,0   0,0  14,5   11:27   SSE
 5  20,8  26,7   13:20  17,4   04:46   0,2   2,7   0,0   0,1  14,5   11:48   NNE
 6  23,9  29,2   15:36  17,7   05:53   0,0   5,7   0,0   5,6  35,4   13:08    NW
 7  21,1  24,8   13:29  17,5   21:10   0,0   2,8   0,0   8,0  35,4   08:38   NNW
 8  19,1  23,6   14:04  15,3   23:41   0,5   1,4   0,0   6,7  33,8   08:43   NNE
 9  17,9  23,3   12:19  12,4   06:11   1,8   1,3   0,0   1,8  20,9   08:48   ESE
10  16,2  17,7   09:09  12,3   06:32   2,1   0,0   0,2   0,0   0,0   00:00   ---
11  19,8  24,2   12:03  13,4   06:29   0,6   2,1   0,0   0,9  19,3   12:31   SSE
12  20,6  25,7   13:15  16,2   05:56   0,4   2,7   0,0   1,6  24,1   13:51    SE
13  18,5  20,7   13:05  15,8   19:18   0,5   0,6   2,8  13,1  38,6   21:57     N
14  18,1  20,8   15:10  14,0   03:25   1,2   1,0   0,3  15,6  46,7   07:34   NNW
15  16,3  20,6   12:50  10,5   23:28   2,6   0,6   0,0   8,3  43,5   04:53     N
16  14,3  21,0   13:23   7,7   03:44   4,3   0,3   0,0   1,5  22,5   08:13   NNE
17  16,5  17,7   09:20  13,0   00:09   1,8   0,0   0,0   0,2  17,7   10:22   ENE
18  18,4  22,9   13:05  14,7   06:31   1,1   1,2   0,0   0,9  19,3   16:03    SE
19  18,3  19,3   14:45  16,0   23:55   0,4   0,3   2,0   0,0  14,5   13:01    NE
20  17,0  19,1   11:31  15,6   01:37   1,3   0,0   0,3   5,1  40,2   23:50   NNW
21  17,3  21,1   15:36  14,8   06:25   1,6   0,5   0,0  15,1  49,9   03:36   NNW
22  17,3  22,0   14:27  13,8   01:51   1,9   0,8   0,0  13,5  48,3   05:33   NNW
23  17,9  22,7   12:07  13,2   00:26   1,3   0,9   0,0   3,9  30,6   05:20    NE
24  16,5  21,2   13:29  12,3   06:40   2,4   0,6   0,0   0,5  16,1   13:35   ESE
25  18,4  20,2   10:55  16,7   06:47   0,5   0,6   0,0   0,0  14,5   13:27   ESE
26  18,4  20,3   13:48  14,7   06:30   0,5   0,6   3,3   0,3  14,5   13:54   ENE
27  18,3  21,9   13:08  16,4   06:03   0,7   0,7   1,0   1,1  22,5   13:58   ESE
28  18,3  21,9   11:35  12,0   06:47   1,0   1,0   0,0   4,3  32,2   14:38   NNW
29  17,3  23,2   15:35  11,8   06:57   2,2   1,2   0,0   0,5  19,3   13:32    SE
30  16,6  21,0   12:49  11,4   03:54   2,3   0,5   0,0   2,8  25,7   13:50   ESE
31  17,1  19,3   13:57  13,4   20:57   1,3   0,1   0,0   0,3  19,3   02:43   ESE
----------------------------------------------------------------------------------
    18,2  29,2     6     7,7    16    38,0  35,6  10,2   3,7  49,9    21       N

Max >=  30,0:  0
Max <=   5,0:  0
Min <=   5,0:  0
Min <=   0,0:  0
Max Rain: 3,3 on day 26
Days of Rain: 8 (>= 0,2 mm)  3 (>= 2,0 mm)  0 (>= 10,0 mm)
Heat Base: 18,3  Cool Base: 18,3  Method: Integration