Resums Climàtics NOAA

Selecciona un any o mes per veure el resum
2018: Gen Feb Mar abr Mai Jun jul Ago Set Oct Nov Des
2017: Gen Feb Mar abr Mai Jun jul Ago Set Oct Nov Des
2016: Gen Feb Mar abr Mai Jun jul Ago Set Oct Nov Des
2015: Gen Feb Mar abr Mai Jun jul Ago Set Oct Nov Des
2014: Gen Feb Mar abr Mai Jun jul Ago Set Oct Nov Des
2013: Gen Feb Mar abr Mai Jun jul Ago Set Oct Nov Des
2012: Gen Feb Mar abr Mai Jun jul Ago Set Oct Nov Des
2011: Gen Feb Mar abr Mai Jun jul Ago Set Oct Nov Des
2010: Gen Feb Mar abr Mai Jun jul Ago Set Oct Nov Des
2009: Gen Feb Mar abr Mai Jun jul Ago Set Oct Nov Des
2008: Gen Feb Mar abr Mai Jun jul Ago Set Oct Nov Des

Resum 2015 Novembre
                   Monthly Climatological Summary for nov. 2015

Name: MeteoTortosa   City: Tortosa   State: Baix Ebre
Elevation: 12 m  Lat: N 40° 49' 48"   Lon: E 000° 31' 12"

                  Temperature (°C), Rain (mm), Wind Speed (km/h)

                                      Heat  Cool        Avg
    Mean                              Deg   Deg         Wind                 Dom
Day Temp  High   Time   Low    Time   Days  Days  Rain  Speed High   Time    Dir
----------------------------------------------------------------------------------
 1  16,6  19,2   10:39  13,4   01:23   1,7   0,1   0,8   6,6  38,6   23:54     E
 2  17,0  18,6   07:02  14,8   12:53   1,3   0,0  59,1  10,1  59,5   11:49     E
 3  15,1  20,2   13:16  11,6   05:43   3,4   0,2   0,3   1,1  24,1   11:32    SE
 4  16,2  23,2   14:07  10,4   07:05   3,1   1,0   0,2   0,0  11,3   14:53    SE
 5  18,3  23,7   11:34  13,4   04:43   1,6   1,6   0,0   0,2  19,3   00:18     E
 6  17,8  24,7   13:05  12,4   06:40   2,0   1,5   0,0   0,0  11,3   13:37   ESE
 7  17,5  23,3   12:24  12,8   06:08   1,8   1,0   0,0   0,7  20,9   13:58    SE
 8  17,6  21,4   12:48  14,1   23:54   1,3   0,6   0,3   1,5  22,5   14:40   ESE
 9  15,6  20,4   12:13  11,8   04:18   3,1   0,4   0,3   4,1  30,6   12:46     N
10  16,7  20,9   12:59  14,3   06:37   2,0   0,4   0,0   8,3  30,6   01:29     N
11  16,1  19,3   13:46  13,7   23:41   2,3   0,1   0,0  11,4  30,6   05:15     N
12  14,6  18,2   14:03  12,1   06:16   3,7   0,0   0,0   5,8  25,7   09:10     N
13  14,3  18,6   15:40  10,8   23:52   4,0   0,0   0,0   7,2  27,4   02:02     N
14  14,1  21,4   13:32   8,8   06:49   4,6   0,4   0,0   0,0   0,0   00:00   ---
15  12,9  16,9   13:03  10,4   06:56   5,4   0,0   0,0   8,3  30,6   11:54     N
16  13,4  18,1   14:35  10,4   23:24   4,9   0,0   0,0  12,9  40,2   13:00     N
17  13,7  19,2   14:27   8,8   23:55   4,7   0,1   0,0   8,9  33,8   07:51     N
18  12,4  18,6   14:33   7,6   05:42   5,9   0,0   0,0   3,1  27,4   10:20     N
19  14,4  22,2   15:22   9,1   05:28   4,6   0,7   0,0   2,4  33,8   13:48     N
20  18,0  24,7   13:11   9,8   06:14   2,9   2,6   0,0   5,4  57,9   23:48    NW
21  16,3  23,6   00:00  10,4   22:29   3,2   1,2   0,2  20,0  77,2   15:33   NNW
22  11,0  13,1   14:51   9,6   07:29   7,3   0,0   0,0  13,4  41,8   06:48   NNW
23   9,6  12,6   14:49   6,3   06:52   8,7   0,0   0,0  13,7  40,2   08:23     N
24  10,0  13,3   13:19   7,1   06:56   8,3   0,0   0,0   9,3  29,0   12:19   NNE
25  16,2  18,6   14:30   9,2   00:00   2,1   0,0   0,0  19,0  80,5   18:42    NW
26  16,8  19,1   12:34  15,6   06:23   1,6   0,0   0,0  21,5  74,0   02:42   NNW
27  15,0  17,1   14:47  11,0   23:25   3,3   0,0   0,0  13,2  43,5   00:27   NNW
28  15,4  18,4   12:35  10,6   00:25   2,9   0,0   0,0  17,1  57,9   14:12   NNW
29  12,1  17,9   14:19   7,3   22:27   6,2   0,0   0,0   4,4  40,2   02:47     N
30  10,0  17,9   14:16   4,8   05:14   8,3   0,0   0,0   0,4  11,3   11:25     N
----------------------------------------------------------------------------------
    14,8  24,7     6     4,8    30   116,2  11,9  61,2   7,7  80,5    25       N

Max >=  30,0:  0
Max <=   5,0:  0
Min <=   5,0:  1
Min <=   0,0:  0
Max Rain: 59,1 on day 2
Days of Rain: 7 (>= 0,2 mm)  1 (>= 2,0 mm)  1 (>= 10,0 mm)
Heat Base: 18,3  Cool Base: 18,3  Method: Integration