Resums Climàtics NOAA

Selecciona un any o mes per veure el resum
2018: Gen Feb Mar abr Mai Jun jul Ago Set Oct Nov Des
2017: Gen Feb Mar abr Mai Jun jul Ago Set Oct Nov Des
2016: Gen Feb Mar abr Mai Jun jul Ago Set Oct Nov Des
2015: Gen Feb Mar abr Mai Jun jul Ago Set Oct Nov Des
2014: Gen Feb Mar abr Mai Jun jul Ago Set Oct Nov Des
2013: Gen Feb Mar abr Mai Jun jul Ago Set Oct Nov Des
2012: Gen Feb Mar abr Mai Jun jul Ago Set Oct Nov Des
2011: Gen Feb Mar abr Mai Jun jul Ago Set Oct Nov Des
2010: Gen Feb Mar abr Mai Jun jul Ago Set Oct Nov Des
2009: Gen Feb Mar abr Mai Jun jul Ago Set Oct Nov Des
2008: Gen Feb Mar abr Mai Jun jul Ago Set Oct Nov Des

Resum 2015 Desembre
                   Monthly Climatological Summary for dic. 2015

Name: MeteoTortosa   City: Tortosa   State: Baix Ebre
Elevation: 12 m  Lat: N 40° 49' 48"   Lon: E 000° 31' 12"

                  Temperature (°C), Rain (mm), Wind Speed (km/h)

                                      Heat  Cool        Avg
    Mean                              Deg   Deg         Wind                 Dom
Day Temp  High   Time   Low    Time   Days  Days  Rain  Speed High   Time    Dir
----------------------------------------------------------------------------------
 1   9,8  17,7   14:04   5,4   04:11   8,5   0,0   0,0   0,9  19,3   09:58     N
 2   9,3  15,9   13:59   5,7   05:16   9,0   0,0   0,0   1,4  22,5   10:58   NNW
 3   9,2  17,9   14:07   4,6   05:50   9,1   0,0   0,0   0,9  16,1   10:03     N
 4  10,2  18,2   14:27   5,4   06:07   8,1   0,0   0,0   0,5  16,1   09:39     N
 5  11,8  16,2   13:46   7,3   06:46   6,5   0,0   0,0   0,2  11,3   14:08   ESE
 6  14,1  18,2   14:00  12,1   07:44   4,2   0,0   0,0   0,8  17,7   15:04   ESE
 7  13,9  17,8   11:47  10,1   06:53   4,4   0,0   0,0   1,3  20,9   12:44    SE
 8  13,6  19,4   12:32  10,7   00:50   4,8   0,1   0,0   0,2  11,3   10:31     N
 9  14,0  17,6   14:26   8,6   23:52   4,3   0,0   0,0   3,2  30,6   04:05   NNE
10  10,7  13,9   13:44   8,3   03:33   7,5   0,0   0,0   5,1  20,9   09:31     N
11  10,2  12,7   12:35   8,5   23:52   8,1   0,0   0,0   9,6  27,4   12:20     N
12   8,7  11,3   13:17   7,5   23:53   9,6   0,0   0,0   8,9  27,4   11:15     N
13   8,0  10,8   13:33   6,8   02:39  10,3   0,0   0,0  10,2  32,2   11:20     N
14   8,2  13,1   15:18   5,3   06:38  10,1   0,0   0,0   4,8  24,1   06:07     N
15  10,3  18,3   14:58   5,6   03:14   8,0   0,0   0,0   0,6  16,1   09:17     N
16  10,8  20,5   14:40   7,3   03:58   7,6   0,1   0,0   0,0   9,7   12:16   ---
17  11,7  18,7   13:46   7,7   04:46   6,6   0,0   0,0   0,0   0,0   00:00   ---
18  11,1  20,7   14:03   5,4   07:12   7,3   0,1   0,0   0,1   9,7   10:00     N
19  11,3  16,7   13:12   5,8   07:23   7,0   0,0   0,0   0,6  17,7   14:21    SE
20  13,6  15,7   14:19  12,3   03:40   4,7   0,0   0,0   0,0   0,0   00:00   ---
21  12,8  16,8   13:13   8,1   23:24   5,5   0,0   0,0   2,5  24,1   14:46     N
22  10,4  17,1   13:26   6,2   07:39   7,9   0,0   0,3   0,3  14,5   14:59   ESE
23  11,0  12,6   14:36   9,2   00:47   7,3   0,0   0,0   1,8  22,5   09:35     N
24  12,5  16,8   14:09   9,3   07:58   5,8   0,0   0,0   0,4  14,5   13:53   ESE
25   8,3  13,3   00:00   6,0   06:35  10,0   0,0   0,0   7,0  25,7   11:35     N
26   8,7  12,8   14:24   6,1   05:12   9,6   0,0   0,0   5,2  19,3   09:39     N
27  10,1  15,4   14:44   6,6   07:37   8,2   0,0   0,2   3,8  20,9   10:17   NNE
28  12,6  16,3   13:52   9,3   07:16   5,6   0,0   0,3   1,2  24,1   15:07    SE
29  12,6  16,7   11:34   7,2   23:58   5,7   0,0   0,2   4,6  32,2   12:34     N
30   9,7  17,4   14:33   4,7   07:35   8,6   0,0   0,0   1,0  24,1   14:57     N
31  12,6  18,3   14:52   6,3   00:59   5,7   0,0   0,0   1,5  22,5   17:55     N
----------------------------------------------------------------------------------
    11,0  20,7    18     4,6     3   225,6   0,3   1,0   2,5  32,2    13       N

Max >=  30,0:  0
Max <=   5,0:  0
Min <=   5,0:  2
Min <=   0,0:  0
Max Rain: 0,3 on day 22
Days of Rain: 4 (>= 0,2 mm)  0 (>= 2,0 mm)  0 (>= 10,0 mm)
Heat Base: 18,3  Cool Base: 18,3  Method: Integration