Resums Climàtics NOAA

Selecciona un any o mes per veure el resum
2018: Gen Feb Mar abr Mai Jun jul Ago Set Oct Nov Des
2017: Gen Feb Mar abr Mai Jun jul Ago Set Oct Nov Des
2016: Gen Feb Mar abr Mai Jun jul Ago Set Oct Nov Des
2015: Gen Feb Mar abr Mai Jun jul Ago Set Oct Nov Des
2014: Gen Feb Mar abr Mai Jun jul Ago Set Oct Nov Des
2013: Gen Feb Mar abr Mai Jun jul Ago Set Oct Nov Des
2012: Gen Feb Mar abr Mai Jun jul Ago Set Oct Nov Des
2011: Gen Feb Mar abr Mai Jun jul Ago Set Oct Nov Des
2010: Gen Feb Mar abr Mai Jun jul Ago Set Oct Nov Des
2009: Gen Feb Mar abr Mai Jun jul Ago Set Oct Nov Des
2008: Gen Feb Mar abr Mai Jun jul Ago Set Oct Nov Des

Resum 2016
                   Annual Climatological Summary for 2016

Name: MeteoTortosa   City: Tortosa   State: Baix Ebre
Elevation: 12 m  Lat: N 40° 49' 48"   Lon: E 000° 31' 12"

                  Temperature (°C), Heat Base: 18,3  Cool Base: 18,3
                          Dep.  Heat  Cool                       Max  Max  Min  Min
        Mean  Mean        From  Deg   Deg                        >=   <=   <=   <=
 YR MO  Max   Min   Mean  Norm  Days  Days  Hi  Date  Low  Date 30,0  5,0  5,0   0,0
------------------------------------------------------------------------------------
 16  1  16,7   7,9  12,3   0.0   189     2  24,3   8   2,4   21    0    0    4    0
 16  2  17,5   8,3  12,8   0.0   165     6  24,3  13   1,1   20    0    0    6    0
 16  3  17,2   8,8  12,8   0.0   175     4  23,1  29   3,9   16    0    0    1    0
 16  4  19,7  10,7  15,3   0.0   100    10  24,9  16   7,2   29    0    0    0    0
 16  5  22,7  14,3  18,4   0.0    43    47  27,6  29   9,1    3    0    0    0    0
 16  6  27,9  18,9  23,3   0.0     1   152  34,2  13  14,0    2    4    0    0    0
 16  7  30,6  21,2  26,1   0.0     0   240  33,3   6  17,2   17   21    0    0    0
 16  8  30,2  21,2  25,7   0.0     0   230  33,9   8  17,3   25   17    0    0    0
 16  9  28,4  18,9  23,6   0.0     5   162  39,1   5  12,9   15    7    0    0    0
 16 10  23,7  15,5  19,3   0.0    26    57  28,2   1  11,2   30    0    0    0    0
 16 11  18,4  10,6  14,0   0.0   126     5  25,6   5   5,1   16    0    0    0    0
 16 12  13,8   7,0   9,9   0.0   260     0  18,4   5   2,2   29    0    0    6    0
------------------------------------------------------------------------------------
        22,2  13,6  17,8   0.0  1096   919  39,1sep.   1,1 feb.   49    0   17    0

                                Precipitation (mm)

              Dep.   Max        Days of Rain
              From   Obs.           >=
 YR MO Total  Norm   Day Date  0,2  2,0 10,0
---------------------------------------------
 16  1   5,6   0.0   2,5   4     3    1    0
 16  2  31,0   0.0  14,2  26     8    4    1
 16  3  37,1   0.0  14,8  14     5    3    2
 16  4  71,1   0.0  47,5   5    10    6    1
 16  5  34,5   0.0  21,8   9     9    4    1
 16  6   4,3   0.0   1,3   4     7    0    0
 16  7   3,3   0.0   3,3  11     1    1    0
 16  8   5,6   0.0   5,0   9     2    1    0
 16  9  32,0   0.0  15,2  28     8    3    2
 16 10  16,8   0.0   7,4  12    12    2    0
 16 11  87,1   0.0  37,8  26    11    7    2
 16 12  36,1   0.0  14,0   4    11    4    2
---------------------------------------------
       364,5   0.0  47,5 abr.   87   36   11

                                Wind Speed (km/h)
                          Dom
 YR MO   Avg.  Hi   Date  Dir
------------------------------
 16  1   5,3  67,6   15   NNW
 16  2   9,1  75,6   29     N
 16  3   9,9  85,3    2   NNW
 16  4   6,8  74,0   30     N
 16  5   7,5  70,8   23     N
 16  6   6,7  49,9    1   ENE
 16  7   5,8  49,9   13     E
 16  8   5,1  48,3   10     E
 16  9   4,7  51,5   16    NE
 16 10   2,9  37,0   20    NE
 16 11   6,5  57,9    8     N
 16 12   8,9  51,5   20     N
------------------------------
         6,6  85,3 mar.   NNE