Resums Climàtics NOAA

Selecciona un any o mes per veure el resum
2018: Gen Feb Mar abr Mai Jun jul Ago Set Oct Nov Des
2017: Gen Feb Mar abr Mai Jun jul Ago Set Oct Nov Des
2016: Gen Feb Mar abr Mai Jun jul Ago Set Oct Nov Des
2015: Gen Feb Mar abr Mai Jun jul Ago Set Oct Nov Des
2014: Gen Feb Mar abr Mai Jun jul Ago Set Oct Nov Des
2013: Gen Feb Mar abr Mai Jun jul Ago Set Oct Nov Des
2012: Gen Feb Mar abr Mai Jun jul Ago Set Oct Nov Des
2011: Gen Feb Mar abr Mai Jun jul Ago Set Oct Nov Des
2010: Gen Feb Mar abr Mai Jun jul Ago Set Oct Nov Des
2009: Gen Feb Mar abr Mai Jun jul Ago Set Oct Nov Des
2008: Gen Feb Mar abr Mai Jun jul Ago Set Oct Nov Des

Resum 2016 Gener
                   Monthly Climatological Summary for ene. 2016

Name: MeteoTortosa   City: Tortosa   State: Baix Ebre
Elevation: 12 m  Lat: N 40° 49' 48"   Lon: E 000° 31' 12"

                  Temperature (°C), Rain (mm), Wind Speed (km/h)

                                      Heat  Cool        Avg
    Mean                              Deg   Deg         Wind                 Dom
Day Temp  High   Time   Low    Time   Days  Days  Rain  Speed High   Time    Dir
----------------------------------------------------------------------------------
 1  12,2  16,4   13:19   9,9   05:17   6,1   0,0   0,0   0,9  19,3   14:11    SE
 2  13,9  17,3   13:11   9,7   05:41   4,4   0,0   0,0   7,5  41,8   09:29   NNW
 3  10,7  15,5   14:06   6,8   05:19   7,6   0,0   0,0   0,0   0,0   00:00   ---
 4  12,1  15,2   04:55   9,3   00:46   6,2   0,0   2,5   7,8  33,8   05:01     N
 5  13,0  14,9   13:58  10,2   02:08   5,3   0,0   0,0  10,5  49,9   22:03   NNW
 6  12,3  14,7   14:47   9,3   23:07   6,0   0,0   0,0  12,3  54,7   08:56    NW
 7  14,6  22,4   15:04   8,9   02:51   4,4   0,6   0,0   1,6  43,5   22:42   NNW
 8  17,4  24,3   14:29  10,1   07:25   2,2   1,3   1,8   1,0  41,8   00:04     S
 9  14,0  19,9   15:21   9,8   22:57   4,5   0,1   1,3   1,0  20,9   06:22     N
10  12,5  18,7   15:19   5,8   06:59   5,8   0,0   0,0   1,9  29,0   14:17     S
11  14,8  17,4   14:56  10,3   05:09   3,5   0,0   0,0   4,2  38,6   12:01    NW
12  13,6  15,7   13:32  11,4   23:47   4,7   0,0   0,0   9,8  43,5   23:49    NW
13  11,5  15,2   13:25   6,8   23:55   6,8   0,0   0,0   5,7  48,3   01:13     N
14  11,2  17,1   13:52   6,7   02:26   7,1   0,0   0,0   7,0  43,5   13:46   NNW
15  11,2  13,1   00:25   8,4   23:53   7,1   0,0   0,0  18,2  67,6   19:20   NNW
16   8,8  11,6   14:26   6,7   07:14   9,5   0,0   0,0  16,6  53,1   23:15   NNW
17   9,5  14,3   14:46   4,8   07:41   8,8   0,0   0,0   5,6  48,3   01:23     N
18  10,5  15,6   13:27   6,1   06:49   7,8   0,0   0,0   2,9  41,8   23:34    NW
19  11,7  15,7   14:49   5,8   23:58   6,6   0,0   0,0   8,2  45,1   01:22   NNW
20   9,0  15,3   14:41   4,7   02:39   9,3   0,0   0,0   2,3  24,1   14:42     N
21   8,5  16,4   12:22   2,4   06:46   9,8   0,0   0,0   1,3  19,3   15:41   ESE
22  10,0  16,1   14:03   4,1   03:18   8,3   0,0   0,0   0,4  11,3   10:57     N
23  12,0  19,0   14:30   7,8   04:40   6,4   0,0   0,0   0,3  11,3   14:51     N
24  11,2  15,1   13:51   6,4   07:12   7,1   0,0   0,0   1,2  16,1   11:04   ESE
25  13,4  16,1   14:59  10,0   23:55   4,9   0,0   0,0   0,5  17,7   17:01   ESE
26  13,4  16,9   14:18  10,0   00:00   4,9   0,0   0,0   0,3  17,7   22:00    NE
27  13,3  17,1   12:40   9,6   23:47   5,0   0,0   0,0   4,5  25,7   04:14    NE
28  12,2  16,8   13:42   7,8   03:12   6,1   0,0   0,0   2,1  35,4   20:58   NNE
29  13,4  14,9   15:01  11,8   23:59   4,9   0,0   0,0  10,7  40,2   05:51   NNE
30  12,4  18,2   15:03   7,3   23:35   5,9   0,0   0,0   3,0  29,0   12:59     N
31  16,2  20,7   13:43   6,6   01:11   2,7   0,6   0,0  15,2  59,5   23:36     N
----------------------------------------------------------------------------------
    12,3  24,3     8     2,4    21   189,7   2,6   5,6   5,3  67,6    15     NNW

Max >=  30,0:  0
Max <=   5,0:  0
Min <=   5,0:  4
Min <=   0,0:  0
Max Rain: 2,5 on day 4
Days of Rain: 3 (>= 0,2 mm)  1 (>= 2,0 mm)  0 (>= 10,0 mm)
Heat Base: 18,3  Cool Base: 18,3  Method: Integration