Resums Climàtics NOAA

Selecciona un any o mes per veure el resum
2018: Gen Feb Mar abr Mai Jun jul Ago Set Oct Nov Des
2017: Gen Feb Mar abr Mai Jun jul Ago Set Oct Nov Des
2016: Gen Feb Mar abr Mai Jun jul Ago Set Oct Nov Des
2015: Gen Feb Mar abr Mai Jun jul Ago Set Oct Nov Des
2014: Gen Feb Mar abr Mai Jun jul Ago Set Oct Nov Des
2013: Gen Feb Mar abr Mai Jun jul Ago Set Oct Nov Des
2012: Gen Feb Mar abr Mai Jun jul Ago Set Oct Nov Des
2011: Gen Feb Mar abr Mai Jun jul Ago Set Oct Nov Des
2010: Gen Feb Mar abr Mai Jun jul Ago Set Oct Nov Des
2009: Gen Feb Mar abr Mai Jun jul Ago Set Oct Nov Des
2008: Gen Feb Mar abr Mai Jun jul Ago Set Oct Nov Des

Resum 2016 Febrer
                   Monthly Climatological Summary for feb. 2016

Name: MeteoTortosa   City: Tortosa   State: Baix Ebre
Elevation: 12 m  Lat: N 40° 49' 48"   Lon: E 000° 31' 12"

                  Temperature (°C), Rain (mm), Wind Speed (km/h)

                                      Heat  Cool        Avg
    Mean                              Deg   Deg         Wind                 Dom
Day Temp  High   Time   Low    Time   Days  Days  Rain  Speed High   Time    Dir
----------------------------------------------------------------------------------
 1  17,3  22,1   14:36   9,8   23:58   1,7   0,7   0,0   9,3  46,7   00:34     N
 2  13,2  18,9   13:20   8,1   04:08   5,1   0,0   0,0   3,7  29,0   09:39     N
 3  14,7  17,7   12:06  10,8   23:10   3,6   0,0   0,0  16,6  61,2   18:27   NNW
 4  11,1  15,8   14:24   6,2   23:37   7,2   0,0   0,0   9,8  49,9   04:23     N
 5   9,6  16,9   13:39   4,3   04:12   8,6   0,0   0,0   0,7  19,3   15:30     E
 6  10,3  16,2   13:58   5,1   06:54   8,0   0,0   0,0   1,2  20,9   14:56    SE
 7  12,9  15,6   15:46   8,7   00:52   5,4   0,0   0,0  14,2  69,2   09:35   NNW
 8  16,2  20,6   13:44  12,1   04:45   2,4   0,3   0,0   8,9  53,1   01:14   NNW
 9  16,3  21,5   17:37  10,7   05:24   2,6   0,7   0,0   5,4  62,8   20:27    NW
10  16,0  21,9   18:09  12,3   06:34   2,6   0,2   0,0   6,0  51,5   02:06   NNE
11  13,4  15,8   16:52  10,8   23:23   4,9   0,0   4,3   2,8  25,7   00:04     N
12  15,5  22,2   23:18   9,6   04:30   3,9   1,1   0,3   1,4  43,5   23:10     N
13  20,9  24,3   16:13  16,4   21:02   0,1   2,7   0,5   5,5  46,7   14:18    NW
14  14,7  21,0   00:59   9,3   15:35   3,8   0,3   2,5  16,5  64,4   04:28   NNW
15  10,6  15,3   14:37   6,9   23:56   7,7   0,0   0,0  22,6  72,4   00:12   NNW
16   8,6  12,3   14:49   6,1   06:37   9,7   0,0   0,0  17,9  62,8   00:37     N
17   8,3  12,9   14:01   4,2   23:01   9,9   0,0   0,0   8,1  29,0   00:21   NNE
18   9,0  13,1   13:55   4,2   00:00   9,3   0,0   0,0   4,4  32,2   12:07     N
19  10,2  15,4   15:22   3,8   23:54   8,1   0,0   0,0   9,6  40,2   04:25   NNE
20   8,6  17,1   12:56   1,1   06:14   9,7   0,0   0,0   1,3  19,3   14:02   ENE
21   9,9  18,5   14:01   2,7   06:21   8,4   0,0   0,0   2,5  25,7   15:08   ESE
22  14,1  19,9   15:12   8,4   00:46   4,4   0,2   0,3   5,4  40,2   10:54     N
23  16,5  19,9   15:42  13,1   06:41   2,0   0,2   0,0  12,4  43,5   09:27   NNW
24  14,5  18,8   13:27   8,9   07:16   3,9   0,0   0,0   3,6  30,6   02:04   ENE
25  15,5  18,6   16:13  13,3   07:55   2,8   0,0   0,0  13,6  51,5   13:16   NNW
26  13,0  16,1   12:12  10,6   23:17   5,3   0,0  14,2   6,2  43,5   05:38   NNE
27   8,2  11,2   00:00   6,6   23:45  10,1   0,0   8,6  13,4  53,1   16:04     N
28  10,5  14,9   15:12   6,3   02:23   7,8   0,0   0,0  13,5  49,9   21:22     N
29  11,4  13,9   12:52   9,6   06:55   6,9   0,0   0,3  28,1  75,6   15:16     N
----------------------------------------------------------------------------------
    12,8  24,3    13     1,1    20   165,9   6,4  31,0   9,1  75,6    29       N

Max >=  30,0:  0
Max <=   5,0:  0
Min <=   5,0:  6
Min <=   0,0:  0
Max Rain: 14,2 on day 26
Days of Rain: 8 (>= 0,2 mm)  4 (>= 2,0 mm)  1 (>= 10,0 mm)
Heat Base: 18,3  Cool Base: 18,3  Method: Integration