Resums Climàtics NOAA

Selecciona un any o mes per veure el resum
2018: Gen Feb Mar abr Mai Jun jul Ago Set Oct Nov Des
2017: Gen Feb Mar abr Mai Jun jul Ago Set Oct Nov Des
2016: Gen Feb Mar abr Mai Jun jul Ago Set Oct Nov Des
2015: Gen Feb Mar abr Mai Jun jul Ago Set Oct Nov Des
2014: Gen Feb Mar abr Mai Jun jul Ago Set Oct Nov Des
2013: Gen Feb Mar abr Mai Jun jul Ago Set Oct Nov Des
2012: Gen Feb Mar abr Mai Jun jul Ago Set Oct Nov Des
2011: Gen Feb Mar abr Mai Jun jul Ago Set Oct Nov Des
2010: Gen Feb Mar abr Mai Jun jul Ago Set Oct Nov Des
2009: Gen Feb Mar abr Mai Jun jul Ago Set Oct Nov Des
2008: Gen Feb Mar abr Mai Jun jul Ago Set Oct Nov Des

Resum 2016 Març
                   Monthly Climatological Summary for mar. 2016

Name: MeteoTortosa   City: Tortosa   State: Baix Ebre
Elevation: 12 m  Lat: N 40° 49' 48"   Lon: E 000° 31' 12"

                  Temperature (°C), Rain (mm), Wind Speed (km/h)

                                      Heat  Cool        Avg
    Mean                              Deg   Deg         Wind                 Dom
Day Temp  High   Time   Low    Time   Days  Days  Rain  Speed High   Time    Dir
----------------------------------------------------------------------------------
 1  13,6  18,3   15:51   9,7   04:48   4,7   0,0   0,0  22,4  69,2   02:40     N
 2  17,2  21,1   14:12  13,1   23:55   1,7   0,5   0,0  19,2  85,3   22:59   NNW
 3  13,8  16,7   13:59  11,4   07:01   4,5   0,0   0,0  22,2  75,6   02:04    NW
 4  13,8  18,4   12:07   7,0   06:50   4,5   0,0   0,0   5,5  43,5   23:11    NE
 5  12,8  16,6   14:41   9,7   06:55   5,5   0,0   0,0  16,7  64,4   02:33    NW
 6  11,3  14,3   15:47   9,6   03:52   7,0   0,0   0,0  19,1  62,8   15:24   NNW
 7  10,9  13,6   16:30   7,8   06:34   7,4   0,0   0,0   7,6  41,8   23:00     N
 8  11,2  14,8   16:03   8,7   06:24   7,1   0,0   0,0  16,5  45,1   08:35   NNW
 9  10,9  14,1   15:51   8,7   23:46   7,4   0,0   1,2  11,1  72,4   17:36   NNW
10  10,9  15,3   16:14   7,7   05:54   7,4   0,0   0,0  18,9  54,7   01:15     N
11  12,2  16,8   14:55   8,7   05:20   6,1   0,0   0,0  17,3  51,5   09:36     N
12  12,1  16,6   15:00   8,6   06:11   6,2   0,0   0,0  12,9  43,5   07:41     N
13  11,5  16,4   13:08   8,2   05:35   6,8   0,0   0,0   8,8  35,4   08:56   NNE
14   8,8  10,9   00:00   6,7   09:01   9,5   0,0  14,8   2,3  24,1   07:11     N
15   8,8  12,1   16:38   5,4   23:50   9,5   0,0  12,2   7,9  35,4   15:28     N
16  10,9  15,3   11:47   3,9   04:43   7,4   0,0   0,0   8,8  40,2   12:49   NNW
17  11,0  15,3   13:37   8,2   05:50   7,3   0,0   0,0   4,9  27,4   02:07   NNE
18  10,6  12,6   13:39   7,8   01:05   7,7   0,0   0,0   1,3  17,7   13:31    SE
19  12,2  14,6   15:15  10,6   03:40   6,1   0,0   8,6   3,0  27,4   15:20   ESE
20  12,9  16,6   12:24  10,5   03:33   5,4   0,0   0,3   1,0  19,3   12:29    SE
21  12,9  16,9   15:24   9,8   23:56   5,4   0,0   0,0   1,5  22,5   13:18   ESE
22  14,2  18,5   14:46   9,7   00:30   4,1   0,0   0,0  13,6  53,1   20:27     N
23  13,6  18,5   15:56   9,8   04:07   4,7   0,0   0,0  20,7  66,0   05:15   NNW
24  14,4  20,7   14:02   8,6   23:58   4,1   0,2   0,0  12,4  56,3   02:47     N
25  14,5  22,0   15:01   6,6   03:22   4,5   0,7   0,0   6,0  37,0   16:38   NNW
26  14,7  20,6   13:05   8,8   06:29   3,9   0,3   0,0   2,5  27,4   16:37   ESE
27  15,4  22,1   16:07  10,3   03:41   3,5   0,6   0,0   5,8  35,4   10:17   NNW
28  15,2  21,4   15:03   8,9   05:02   3,8   0,7   0,0   1,0  25,7   16:32   NNW
29  16,3  23,1   15:13   9,8   06:15   3,2   1,2   0,0   1,5  20,9   13:49    SE
30  13,5  18,6   12:06   7,9   05:48   4,8   0,0   0,0   3,2  29,0   15:27    SE
31  14,4  21,1   12:47  10,6   05:40   4,1   0,2   0,0  10,6  62,8   15:48   NNW
----------------------------------------------------------------------------------
    12,8  23,1    29     3,9    16   175,3   4,4  37,1   9,9  85,3     2     NNW

Max >=  30,0:  0
Max <=   5,0:  0
Min <=   5,0:  1
Min <=   0,0:  0
Max Rain: 14,8 on day 14
Days of Rain: 5 (>= 0,2 mm)  3 (>= 2,0 mm)  2 (>= 10,0 mm)
Heat Base: 18,3  Cool Base: 18,3  Method: Integration