Resums Climàtics NOAA

Selecciona un any o mes per veure el resum
2018: Gen Feb Mar abr Mai Jun jul Ago Set Oct Nov Des
2017: Gen Feb Mar abr Mai Jun jul Ago Set Oct Nov Des
2016: Gen Feb Mar abr Mai Jun jul Ago Set Oct Nov Des
2015: Gen Feb Mar abr Mai Jun jul Ago Set Oct Nov Des
2014: Gen Feb Mar abr Mai Jun jul Ago Set Oct Nov Des
2013: Gen Feb Mar abr Mai Jun jul Ago Set Oct Nov Des
2012: Gen Feb Mar abr Mai Jun jul Ago Set Oct Nov Des
2011: Gen Feb Mar abr Mai Jun jul Ago Set Oct Nov Des
2010: Gen Feb Mar abr Mai Jun jul Ago Set Oct Nov Des
2009: Gen Feb Mar abr Mai Jun jul Ago Set Oct Nov Des
2008: Gen Feb Mar abr Mai Jun jul Ago Set Oct Nov Des

Resum 2016 abril
                   Monthly Climatological Summary for abr. 2016

Name: MeteoTortosa   City: Tortosa   State: Baix Ebre
Elevation: 12 m  Lat: N 40° 49' 48"   Lon: E 000° 31' 12"

                  Temperature (°C), Rain (mm), Wind Speed (km/h)

                                      Heat  Cool        Avg
    Mean                              Deg   Deg         Wind                 Dom
Day Temp  High   Time   Low    Time   Days  Days  Rain  Speed High   Time    Dir
----------------------------------------------------------------------------------
 1  13,3  16,2   14:09  10,2   05:40   5,0   0,0   0,0  12,7  53,1   02:28     N
 2  14,0  19,1   11:55   7,9   06:08   4,3   0,0   0,0   4,7  30,6   14:48     E
 3  15,2  19,4   14:28   9,8   06:35   3,2   0,1   0,0   3,2  32,2   13:51    SE
 4  14,4  16,9   11:58  12,6   05:24   3,9   0,0   4,3   3,6  30,6   12:09    SE
 5  13,2  14,4   00:00  12,1   23:54   5,1   0,0  47,5   7,1  33,8   09:43   NNE
 6  15,8  20,2   15:23  11,7   02:04   2,9   0,3   0,0  17,9  48,3   10:35     N
 7  15,7  19,8   14:28  12,4   04:17   2,7   0,1   0,0  19,0  53,1   11:07   NNW
 8  13,4  17,8   15:21   9,4   06:25   4,9   0,0   0,0  20,1  64,4   23:24    NW
 9  15,7  21,6   16:35  10,7   04:22   3,2   0,6   0,0  11,8  66,0   00:03   NNW
10  14,6  19,6   12:58   8,8   03:35   3,8   0,0   0,0   3,8  30,6   14:50    SE
11  16,7  20,1   12:23  13,3   07:58   1,9   0,3   0,0   3,1  25,7   12:37    SE
12  15,7  21,1   14:32  10,6   04:10   3,1   0,5   0,0   3,2  27,4   13:07    SE
13  17,4  23,3   14:54  10,2   05:54   2,5   1,6   0,0   5,3  37,0   12:28   NNW
14  16,4  22,5   13:03   9,4   05:16   3,1   1,1   0,0   3,3  32,2   15:17    SE
15  15,1  20,7   12:59   9,8   04:57   3,4   0,2   0,0   3,1  29,0   15:16   ESE
16  17,6  24,9   14:44  11,1   04:40   2,4   1,7   0,0   4,8  33,8   17:42     E
17  18,0  22,9   12:29  13,4   23:58   1,4   1,1   0,5   1,7  19,3   00:53   ENE
18  16,1  20,1   12:11  12,3   02:01   2,5   0,3   0,0   3,7  29,0   13:34   ESE
19  14,9  18,1   12:01  11,6   23:28   3,4   0,0   0,0   2,7  24,1   12:10    SE
20  15,5  18,3   10:01  10,9   01:35   2,8   0,0   0,0   5,5  32,2   07:50     E
21  16,7  20,3   11:38  12,2   23:46   1,7   0,1   4,3   2,7  25,7   12:28     E
22  14,2  18,2   12:54  11,2   03:57   4,1   0,0   0,8   0,6  16,1   12:43   NNW
23  16,4  23,6   14:37  10,0   04:44   3,0   1,1   0,2   6,9  53,1   22:45   NNW
24  16,7  20,6   14:36  12,7   23:50   2,0   0,4   0,0  19,1  54,7   22:35   NNW
25  14,5  19,3   13:06  10,5   23:20   3,9   0,0   0,0   9,8  49,9   03:32     N
26  15,6  22,2   16:15   7,6   05:25   3,6   0,8   0,0   3,2  25,7   14:41    SE
27  14,8  19,6   11:52  10,1   05:00   3,6   0,1   4,6   5,0  27,4   07:57   ENE
28  12,8  14,2   10:52   9,8   23:42   5,5   0,0   6,1   1,0  16,1   08:38   ENE
29  13,6  18,3   10:48   7,2   05:08   4,6   0,0   0,2   2,8  22,5   12:58    SE
30  15,2  18,9   13:41  11,4   23:58   3,2   0,0   2,6  14,0  74,0   21:13    NW
----------------------------------------------------------------------------------
    15,3  24,9    16     7,2    29   100,7  10,4  71,1   6,8  74,0    30       N

Max >=  30,0:  0
Max <=   5,0:  0
Min <=   5,0:  0
Min <=   0,0:  0
Max Rain: 47,5 on day 5
Days of Rain: 10 (>= 0,2 mm)  6 (>= 2,0 mm)  1 (>= 10,0 mm)
Heat Base: 18,3  Cool Base: 18,3  Method: Integration