Resums Climàtics NOAA

Selecciona un any o mes per veure el resum
2018: Gen Feb Mar abr Mai Jun jul Ago Set Oct Nov Des
2017: Gen Feb Mar abr Mai Jun jul Ago Set Oct Nov Des
2016: Gen Feb Mar abr Mai Jun jul Ago Set Oct Nov Des
2015: Gen Feb Mar abr Mai Jun jul Ago Set Oct Nov Des
2014: Gen Feb Mar abr Mai Jun jul Ago Set Oct Nov Des
2013: Gen Feb Mar abr Mai Jun jul Ago Set Oct Nov Des
2012: Gen Feb Mar abr Mai Jun jul Ago Set Oct Nov Des
2011: Gen Feb Mar abr Mai Jun jul Ago Set Oct Nov Des
2010: Gen Feb Mar abr Mai Jun jul Ago Set Oct Nov Des
2009: Gen Feb Mar abr Mai Jun jul Ago Set Oct Nov Des
2008: Gen Feb Mar abr Mai Jun jul Ago Set Oct Nov Des

Resum 2016 Maig
                   Monthly Climatological Summary for may. 2016

Name: MeteoTortosa   City: Tortosa   State: Baix Ebre
Elevation: 12 m  Lat: N 40° 49' 48"   Lon: E 000° 31' 12"

                  Temperature (°C), Rain (mm), Wind Speed (km/h)

                                      Heat  Cool        Avg
    Mean                              Deg   Deg         Wind                 Dom
Day Temp  High   Time   Low    Time   Days  Days  Rain  Speed High   Time    Dir
----------------------------------------------------------------------------------
 1  14,4  19,0   16:14  10,2   04:47   3,9   0,1   0,0  21,1  57,9   04:34   NNW
 2  16,5  24,7   16:18  10,6   04:32   3,1   1,3   0,0  13,0  46,7   00:26     N
 3  17,9  24,0   11:30   9,1   04:00   2,2   1,8   0,0   5,6  27,4   06:31   ENE
 4  16,5  22,0   12:16  10,1   05:07   2,7   0,9   0,0   4,1  32,2   13:23    SE
 5  16,5  20,3   12:19  12,7   04:28   2,1   0,3   0,0   5,0  32,2   13:21   ESE
 6  16,6  18,8   15:39  14,9   04:57   1,7   0,0   0,0   5,6  29,0   13:09     E
 7  15,6  17,2   10:24  14,7   14:57   2,7   0,0   2,3   1,1  29,0   11:03     E
 8  16,0  17,0   14:30  14,3   01:07   2,3   0,0   2,0   4,8  30,6   16:44   ESE
 9  16,1  19,7   14:46  11,6   23:29   2,3   0,1  21,8   2,9  27,4   18:32   ESE
10  13,4  17,8   11:35   9,9   05:25   4,9   0,0   4,9   0,9  30,6   17:39   SSW
11  16,0  21,2   12:07  11,3   03:02   2,9   0,6   0,7   2,1  25,7   15:01     S
12  16,8  22,9   13:33  10,7   04:29   2,3   0,8   0,0   2,7  30,6   12:14   NNW
13  19,5  23,9   15:26  14,7   00:17   0,6   1,8   0,0  12,8  48,3   23:09   NNW
14  20,8  25,0   15:20  17,2   03:30   0,2   2,6   0,0  17,2  46,7   23:15   NNW
15  21,0  26,2   15:11  16,6   04:21   0,3   3,0   0,0  15,2  43,5   02:54   NNW
16  19,8  23,3   11:41  14,2   23:58   0,8   2,2   0,0   9,9  43,5   02:44     N
17  17,7  22,5   10:54  11,4   05:07   1,9   1,3   0,0   3,7  29,0   14:10    SE
18  18,5  21,7   11:41  14,8   05:02   0,9   1,1   1,0   3,1  37,0   23:36    SE
19  21,4  25,9   14:41  17,7   05:13   0,0   3,1   0,3  15,9  53,1   07:31   NNW
20  20,1  24,6   14:06  15,1   05:10   0,6   2,3   0,0   3,7  27,4   16:19    SE
21  19,1  23,3   15:45  14,0   05:06   0,9   1,6   0,0   6,0  33,8   14:22    SE
22  19,2  24,2   15:10  15,1   03:32   0,7   1,6   0,5  10,2  54,7   23:43   NNW
23  18,4  23,3   13:43  14,9   23:58   1,1   1,2   0,0  10,1  70,8   02:48   NNW
24  17,8  21,9   12:55  12,7   04:38   1,4   0,9   0,0   5,5  32,2   11:22    SE
25  19,1  22,1   13:34  16,2   05:05   0,5   1,3   0,0   2,0  20,9   11:14    SE
26  19,4  23,1   15:31  17,3   00:44   0,2   1,4   0,0   2,8  29,0   15:08   ESE
27  20,1  23,8   13:56  17,6   01:14   0,1   1,9   0,0   3,5  25,7   15:29    SE
28  20,8  26,1   12:22  17,1   01:37   0,2   2,6   1,0   6,6  40,2   22:36     E
29  23,1  27,6   13:52  19,9   04:04   0,0   4,8   0,0  10,2  45,1   05:31   NNW
30  21,8  25,2   15:05  18,6   05:12   0,0   3,5   0,0   9,9  41,8   23:15     N
31  21,9  25,9   15:20  17,8   05:03   0,0   3,6   0,0  16,1  49,9   03:24   NNW
----------------------------------------------------------------------------------
    18,4  27,6    29     9,1     3    43,5  47,7  34,5   7,5  70,8    23       N

Max >=  30,0:  0
Max <=   5,0:  0
Min <=   5,0:  0
Min <=   0,0:  0
Max Rain: 21,8 on day 9
Days of Rain: 9 (>= 0,2 mm)  4 (>= 2,0 mm)  1 (>= 10,0 mm)
Heat Base: 18,3  Cool Base: 18,3  Method: Integration