Resums Climàtics NOAA

Selecciona un any o mes per veure el resum
2018: Gen Feb Mar abr Mai Jun jul Ago Set Oct Nov Des
2017: Gen Feb Mar abr Mai Jun jul Ago Set Oct Nov Des
2016: Gen Feb Mar abr Mai Jun jul Ago Set Oct Nov Des
2015: Gen Feb Mar abr Mai Jun jul Ago Set Oct Nov Des
2014: Gen Feb Mar abr Mai Jun jul Ago Set Oct Nov Des
2013: Gen Feb Mar abr Mai Jun jul Ago Set Oct Nov Des
2012: Gen Feb Mar abr Mai Jun jul Ago Set Oct Nov Des
2011: Gen Feb Mar abr Mai Jun jul Ago Set Oct Nov Des
2010: Gen Feb Mar abr Mai Jun jul Ago Set Oct Nov Des
2009: Gen Feb Mar abr Mai Jun jul Ago Set Oct Nov Des
2008: Gen Feb Mar abr Mai Jun jul Ago Set Oct Nov Des

Resum 2016 Juny
                   Monthly Climatological Summary for jun. 2016

Name: MeteoTortosa   City: Tortosa   State: Baix Ebre
Elevation: 12 m  Lat: N 40° 49' 48"   Lon: E 000° 31' 12"

                  Temperature (°C), Rain (mm), Wind Speed (km/h)

                                      Heat  Cool        Avg
    Mean                              Deg   Deg         Wind                 Dom
Day Temp  High   Time   Low    Time   Days  Days  Rain  Speed High   Time    Dir
----------------------------------------------------------------------------------
 1  21,5  27,8   14:46  16,8   23:43   0,1   3,3   0,0  12,4  49,9   06:08   NNW
 2  20,6  25,2   15:08  14,0   04:35   0,8   3,1   0,0   4,3  29,0   13:26    SE
 3  21,1  24,8   14:06  17,9   04:37   0,0   2,8   0,0   4,0  32,2   12:40    SE
 4  21,1  25,7   15:01  17,7   05:20   0,0   2,8   1,3   2,5  25,7   15:30   ESE
 5  21,5  26,6   13:06  15,8   04:21   0,4   3,6   0,2   4,3  29,0   15:22    SE
 6  21,8  25,8   11:55  19,4   23:58   0,0   3,5   0,8   3,0  29,0   11:17    SE
 7  22,9  27,9   13:32  17,8   03:01   0,0   4,7   0,0   3,9  30,6   15:10    SE
 8  23,8  28,1   12:12  19,7   03:27   0,0   5,5   0,0   4,7  32,2   15:28   ESE
 9  24,1  29,9   11:16  18,7   05:21   0,0   5,8   0,0   4,3  30,6   12:40    SE
10  24,3  27,4   13:29  21,3   04:26   0,0   6,0   0,0   3,9  29,0   13:02   ESE
11  23,4  26,3   11:05  21,6   05:22   0,0   5,1   0,0   5,5  25,7   13:55     E
12  25,3  31,9   16:00  19,4   04:30   0,0   7,0   0,0   2,9  37,0   15:27    NW
13  28,2  34,2   15:22  23,3   23:58   0,0   9,9   0,0  10,8  48,3   10:36   NNW
14  24,4  30,4   14:02  21,4   04:23   0,0   6,1   0,0  10,9  48,3   06:09   NNW
15  23,2  27,2   14:38  17,3   05:13   0,0   4,9   0,0   6,4  46,7   22:03    NE
16  21,9  25,7   13:07  18,7   04:25   0,0   3,6   0,0  11,1  43,5   03:50   NNW
17  21,0  24,9   15:19  16,9   05:08   0,1   2,8   1,0   5,5  33,8   10:55   NNE
18  20,7  25,1   14:16  16,0   08:15   0,3   2,7   0,5  16,5  48,3   15:57   NNW
19  22,3  27,4   15:35  17,3   05:15   0,1   4,1   0,0  15,5  41,8   04:00   NNW
20  22,6  26,9   11:19  18,2   04:08   0,0   4,3   0,0   9,4  40,2   00:09    NE
21  23,5  28,3   13:34  17,2   04:53   0,1   5,3   0,0   4,7  35,4   14:25   ESE
22  23,6  27,7   12:53  18,4   04:40   0,0   5,3   0,0   7,0  35,4   11:22    SE
23  24,4  28,8   13:26  20,6   04:33   0,0   6,1   0,0   9,2  38,6   10:50    SE
24  24,1  28,2   13:52  19,1   04:11   0,0   5,8   0,0   4,6  32,2   14:13    SE
25  25,1  31,4   12:26  20,1   04:52   0,0   6,8   0,0   5,1  29,0   14:07   ENE
26  23,9  27,4   10:45  20,8   05:18   0,0   5,6   0,0   7,2  30,6   14:51    NE
27  24,4  28,8   16:16  20,3   04:50   0,0   6,1   0,0   7,0  35,4   07:16    NE
28  24,6  29,3   11:47  20,0   05:00   0,0   6,3   0,0   5,4  30,6   11:59    SE
29  24,8  28,6   12:44  21,5   04:35   0,0   6,5   0,3   5,3  30,6   14:10    SE
30  25,0  29,3   12:24  20,8   04:34   0,0   6,7   0,2   4,2  29,0   14:27    SE
----------------------------------------------------------------------------------
    23,3  34,2    13    14,0     2     1,9 152,1   4,3   6,7  49,9     1      NE

Max >=  30,0:  4
Max <=   5,0:  0
Min <=   5,0:  0
Min <=   0,0:  0
Max Rain: 1,3 on day 4
Days of Rain: 7 (>= 0,2 mm)  0 (>= 2,0 mm)  0 (>= 10,0 mm)
Heat Base: 18,3  Cool Base: 18,3  Method: Integration