Resums Climàtics NOAA

Selecciona un any o mes per veure el resum
2018: Gen Feb Mar abr Mai Jun jul Ago Set Oct Nov Des
2017: Gen Feb Mar abr Mai Jun jul Ago Set Oct Nov Des
2016: Gen Feb Mar abr Mai Jun jul Ago Set Oct Nov Des
2015: Gen Feb Mar abr Mai Jun jul Ago Set Oct Nov Des
2014: Gen Feb Mar abr Mai Jun jul Ago Set Oct Nov Des
2013: Gen Feb Mar abr Mai Jun jul Ago Set Oct Nov Des
2012: Gen Feb Mar abr Mai Jun jul Ago Set Oct Nov Des
2011: Gen Feb Mar abr Mai Jun jul Ago Set Oct Nov Des
2010: Gen Feb Mar abr Mai Jun jul Ago Set Oct Nov Des
2009: Gen Feb Mar abr Mai Jun jul Ago Set Oct Nov Des
2008: Gen Feb Mar abr Mai Jun jul Ago Set Oct Nov Des

Resum 2016 juliol
                   Monthly Climatological Summary for jul. 2016

Name: MeteoTortosa   City: Tortosa   State: Baix Ebre
Elevation: 12 m  Lat: N 40° 49' 48"   Lon: E 000° 31' 12"

                  Temperature (°C), Rain (mm), Wind Speed (km/h)

                                      Heat  Cool        Avg
    Mean                              Deg   Deg         Wind                 Dom
Day Temp  High   Time   Low    Time   Days  Days  Rain  Speed High   Time    Dir
----------------------------------------------------------------------------------
 1  24,7  28,6   11:48  20,3   03:34   0,0   6,4   0,0   4,3  30,6   14:44    SE
 2  26,1  30,6   10:51  21,7   04:51   0,0   7,8   0,0   3,8  29,0   13:52    SE
 3  24,8  27,7   10:41  22,1   04:51   0,0   6,5   0,0   5,8  29,0   13:59     E
 4  25,4  29,6   11:34  21,0   04:34   0,0   7,1   0,0   4,3  33,8   15:09    SE
 5  26,7  32,3   12:29  20,6   04:10   0,0   8,4   0,0   4,7  30,6   08:15   ENE
 6  28,0  33,3   13:23  21,2   04:20   0,0   9,6   0,0   2,7  29,0   12:39   SSE
 7  27,3  32,6   12:38  22,4   05:02   0,0   9,0   0,0   4,4  27,4   11:48    SE
 8  27,6  32,5   11:46  23,7   05:21   0,0   9,2   0,0   3,1  29,0   14:30    SE
 9  27,8  33,3   11:18  22,5   04:33   0,0   9,5   0,0   4,7  33,8   14:10    SE
10  27,8  32,1   14:32  22,6   03:47   0,0   9,5   0,0   5,4  32,2   13:13   ESE
11  27,2  30,9   13:42  23,2   23:29   0,0   8,8   3,3   6,0  32,2   11:01    SE
12  26,3  32,0   14:00  22,2   02:01   0,0   8,0   0,0   7,9  40,2   23:08   NNE
13  24,6  28,5   15:31  21,2   23:58   0,0   6,3   0,0  17,5  49,9   09:03   NNW
14  23,4  28,5   15:47  18,3   04:40   0,0   5,1   0,0  15,0  46,7   06:37   NNW
15  23,0  27,4   13:33  18,2   05:09   0,0   4,7   0,0   9,4  40,2   00:56   NNE
16  24,1  28,8   14:07  18,1   04:41   0,0   5,8   0,0   3,6  32,2   13:26    SE
17  23,9  28,3   16:46  17,2   05:03   0,1   5,7   0,0   5,4  33,8   11:01    SE
18  24,1  29,0   14:57  18,2   05:30   0,0   5,8   0,0   4,7  29,0   12:27    SE
19  24,2  28,8   11:40  18,1   04:14   0,0   5,9   0,0   6,2  35,4   13:50   ESE
20  26,0  30,0   14:21  21,2   05:02   0,0   7,7   0,0   2,1  33,8   15:02    SE
21  26,4  30,9   14:07  22,6   05:31   0,0   8,1   0,0   4,6  29,0   11:41   ESE
22  26,1  30,9   12:29  21,8   04:47   0,0   7,8   0,0   5,4  38,6   23:53     E
23  27,0  32,1   13:52  22,5   04:57   0,0   8,7   0,0  10,9  46,7   03:08     N
24  26,8  31,7   15:42  22,7   05:08   0,0   8,5   0,0   7,8  33,8   07:34    NE
25  27,1  32,2   16:04  20,8   04:29   0,0   8,8   0,0   3,6  25,7   12:19    SE
26  26,8  31,3   16:53  21,2   05:03   0,0   8,5   0,0   3,8  29,0   13:32    SE
27  26,7  30,8   11:37  21,9   05:26   0,0   8,4   0,0   3,8  30,6   14:22    SE
28  26,6  30,2   11:28  22,1   04:51   0,0   8,3   0,0   3,5  30,6   13:48    SE
29  26,7  30,3   11:49  23,0   05:33   0,0   8,4   0,0   6,2  38,6   12:55   ESE
30  26,8  30,6   14:48  22,6   04:14   0,0   8,5   0,0   5,2  33,8   15:41   ESE
31  28,1  33,1   15:43  23,5   05:33   0,0   9,8   0,0   4,2  29,0   23:50   ESE
----------------------------------------------------------------------------------
    26,1  33,3     6    17,2    17     0,1 240,6   3,3   5,8  49,9    13       E

Max >=  30,0: 21
Max <=   5,0:  0
Min <=   5,0:  0
Min <=   0,0:  0
Max Rain: 3,3 on day 11
Days of Rain: 1 (>= 0,2 mm)  1 (>= 2,0 mm)  0 (>= 10,0 mm)
Heat Base: 18,3  Cool Base: 18,3  Method: Integration