Resums Climàtics NOAA

Selecciona un any o mes per veure el resum
2018: Gen Feb Mar abr Mai Jun jul Ago Set Oct Nov Des
2017: Gen Feb Mar abr Mai Jun jul Ago Set Oct Nov Des
2016: Gen Feb Mar abr Mai Jun jul Ago Set Oct Nov Des
2015: Gen Feb Mar abr Mai Jun jul Ago Set Oct Nov Des
2014: Gen Feb Mar abr Mai Jun jul Ago Set Oct Nov Des
2013: Gen Feb Mar abr Mai Jun jul Ago Set Oct Nov Des
2012: Gen Feb Mar abr Mai Jun jul Ago Set Oct Nov Des
2011: Gen Feb Mar abr Mai Jun jul Ago Set Oct Nov Des
2010: Gen Feb Mar abr Mai Jun jul Ago Set Oct Nov Des
2009: Gen Feb Mar abr Mai Jun jul Ago Set Oct Nov Des
2008: Gen Feb Mar abr Mai Jun jul Ago Set Oct Nov Des

Resum 2016 Agost
                   Monthly Climatological Summary for ago. 2016

Name: MeteoTortosa   City: Tortosa   State: Baix Ebre
Elevation: 12 m  Lat: N 40° 49' 48"   Lon: E 000° 31' 12"

                  Temperature (°C), Rain (mm), Wind Speed (km/h)

                                      Heat  Cool        Avg
    Mean                              Deg   Deg         Wind                 Dom
Day Temp  High   Time   Low    Time   Days  Days  Rain  Speed High   Time    Dir
----------------------------------------------------------------------------------
 1  26,6  30,5   14:45  23,1   05:29   0,0   8,3   0,0   7,7  30,6   06:41    NE
 2  27,2  31,3   13:30  22,9   05:40   0,0   8,9   0,0   3,4  29,0   14:40    SE
 3  26,5  29,8   11:53  22,1   05:44   0,0   8,2   0,6   5,8  37,0   14:26    SE
 4  27,5  30,9   11:26  23,1   05:11   0,0   9,2   0,0   4,0  35,4   23:46    SE
 5  27,2  29,7   10:43  23,3   22:33   0,0   8,9   0,0  10,3  43,5   06:24     N
 6  26,2  30,9   15:59  21,7   04:20   0,0   7,9   0,0   6,9  32,2   05:10    NE
 7  25,8  30,3   10:07  20,3   04:59   0,0   7,5   0,0   4,3  33,8   14:33    SE
 8  27,9  33,9   14:29  20,6   05:36   0,0   9,6   0,0   2,9  32,2   14:46   SSE
 9  26,7  32,7   14:47  19,7   04:34   0,0   8,3   5,0   6,3  30,6   07:52    NE
10  22,7  27,1   16:27  20,1   04:18   0,0   4,4   0,0   9,6  48,3   08:43     N
11  23,4  28,7   13:20  19,2   05:29   0,0   5,1   0,0  11,3  38,6   09:30   NNE
12  24,3  29,2   15:27  18,8   04:28   0,0   6,0   0,0   3,2  27,4   12:21    SE
13  24,4  29,1   12:32  18,6   05:39   0,0   6,1   0,0   4,3  27,4   13:43   ESE
14  25,0  29,3   13:34  21,3   05:41   0,0   6,7   0,0   3,7  30,6   12:42    SE
15  24,6  29,6   12:48  18,1   05:39   0,0   6,3   0,0   4,8  35,4   12:48    SE
16  25,6  29,2   14:12  22,8   05:24   0,0   7,3   0,0   3,1  22,5   13:42   ESE
17  26,3  31,6   13:03  21,9   05:40   0,0   8,0   0,0   3,4  30,6   13:27    SE
18  26,9  31,4   11:28  23,3   05:27   0,0   8,6   0,0   4,1  29,0   12:02   ESE
19  27,0  30,9   12:47  23,4   03:18   0,0   8,7   0,0   3,1  24,1   13:04    SE
20  27,1  32,7   11:20  24,2   04:52   0,0   8,8   0,0   5,0  37,0   11:40   ENE
21  25,7  30,1   14:46  21,8   23:57   0,0   7,4   0,0   8,7  32,2   06:51   NNE
22  25,3  30,2   14:36  19,8   05:36   0,0   7,0   0,0   3,9  27,4   15:24    SE
23  25,3  29,6   12:52  20,6   05:21   0,0   7,0   0,0   3,3  30,6   12:00    SE
24  25,4  30,8   13:05  19,8   04:52   0,0   7,1   0,0   2,7  27,4   13:55    SE
25  24,8  31,1   11:57  17,3   05:47   0,1   6,5   0,0   3,0  29,0   14:26    SE
26  24,5  29,7   14:03  18,9   05:52   0,0   6,2   0,0   3,0  27,4   13:39    SE
27  25,5  29,9   12:27  20,5   05:41   0,0   7,2   0,0   4,3  32,2   12:50    SE
28  26,0  30,1   11:36  21,3   05:44   0,0   7,7   0,0   3,5  30,6   15:09    SE
29  26,6  31,1   12:46  24,1   05:54   0,0   8,3   0,0   7,8  33,8   14:36    NE
30  24,2  26,0   11:10  22,2   07:04   0,0   5,9   0,0   8,0  35,4   04:23   NNE
31  25,3  29,3   12:50  22,7   23:48   0,0   7,0   0,0   2,4  27,4   15:01    SE
----------------------------------------------------------------------------------
    25,7  33,9     8    17,3    25     0,1 230,1   5,6   5,1  48,3    10       E

Max >=  30,0: 17
Max <=   5,0:  0
Min <=   5,0:  0
Min <=   0,0:  0
Max Rain: 5,0 on day 9
Days of Rain: 2 (>= 0,2 mm)  1 (>= 2,0 mm)  0 (>= 10,0 mm)
Heat Base: 18,3  Cool Base: 18,3  Method: Integration