Resums Climàtics NOAA

Selecciona un any o mes per veure el resum
2018: Gen Feb Mar abr Mai Jun jul Ago Set Oct Nov Des
2017: Gen Feb Mar abr Mai Jun jul Ago Set Oct Nov Des
2016: Gen Feb Mar abr Mai Jun jul Ago Set Oct Nov Des
2015: Gen Feb Mar abr Mai Jun jul Ago Set Oct Nov Des
2014: Gen Feb Mar abr Mai Jun jul Ago Set Oct Nov Des
2013: Gen Feb Mar abr Mai Jun jul Ago Set Oct Nov Des
2012: Gen Feb Mar abr Mai Jun jul Ago Set Oct Nov Des
2011: Gen Feb Mar abr Mai Jun jul Ago Set Oct Nov Des
2010: Gen Feb Mar abr Mai Jun jul Ago Set Oct Nov Des
2009: Gen Feb Mar abr Mai Jun jul Ago Set Oct Nov Des
2008: Gen Feb Mar abr Mai Jun jul Ago Set Oct Nov Des

Resum 2016 Setembre
                   Monthly Climatological Summary for sep. 2016

Name: MeteoTortosa   City: Tortosa   State: Baix Ebre
Elevation: 12 m  Lat: N 40° 49' 48"   Lon: E 000° 31' 12"

                  Temperature (°C), Rain (mm), Wind Speed (km/h)

                                      Heat  Cool        Avg
    Mean                              Deg   Deg         Wind                 Dom
Day Temp  High   Time   Low    Time   Days  Days  Rain  Speed High   Time    Dir
----------------------------------------------------------------------------------
 1  25,9  30,9   12:43  21,2   04:05   0,0   7,5   0,0   2,6  27,4   13:39    SE
 2  26,1  31,8   13:31  20,9   04:55   0,0   7,8   0,0   3,1  30,6   14:40   ESE
 3  26,2  29,3   10:07  20,4   05:35   0,0   7,8   0,0   0,0  25,7   12:18     E
 4  28,4  35,1   16:14  22,2   05:38   0,0  10,1   0,0   1,5  24,1   15:08    SE
 5  29,9  39,1   13:33  22,7   05:36   0,0  11,6   0,0   5,4  32,2   10:47     N
 6  26,8  32,7   12:42  21,7   05:33   0,0   8,5   0,0   3,8  32,2   15:56    SE
 7  26,0  29,9   12:34  21,9   04:16   0,0   7,7   0,0   3,8  29,0   12:13    SE
 8  25,9  28,3   11:59  23,7   05:18   0,0   7,6   0,0   4,3  25,7   09:02     E
 9  26,7  29,9   11:38  23,9   23:58   0,0   8,3   1,8   2,7  33,8   13:16    SE
10  25,6  30,1   12:44  22,2   06:29   0,0   7,3   0,3   2,7  30,6   14:22     E
11  26,0  30,1   12:03  20,1   05:55   0,0   7,7   0,0   2,4  27,4   13:39    SE
12  27,0  29,7   12:04  21,7   05:36   0,0   8,6   0,0   5,2  35,4   14:21    SE
13  25,4  28,7   12:53  20,2   21:56   0,0   7,1   0,5   7,4  40,2   22:17   ESE
14  19,3  25,4   11:39  13,3   23:23   1,2   2,2   3,3  11,6  38,6   07:24     N
15  18,6  23,8   11:01  12,9   01:03   1,7   2,0   0,2   1,1  19,3   13:28   ESE
16  21,1  27,8   16:01  13,8   04:32   0,9   3,8   0,0  10,4  51,5   21:43   NNW
17  21,1  22,7   13:29  18,7   23:34   0,0   2,8   0,0  16,0  49,9   11:15   NNW
18  21,3  26,3   15:51  17,4   05:58   0,1   3,1   0,0  15,7  46,7   00:57   NNW
19  21,9  27,4   13:47  18,2   04:32   0,0   3,6   0,0   9,6  37,0   08:18     N
20  21,6  25,8   14:21  17,9   23:19   0,0   3,3   0,0   6,8  25,7   07:25   NNE
21  22,6  27,9   12:37  17,9   00:13   0,0   4,3   0,0   4,2  29,0   15:30    NE
22  22,4  26,2   14:28  17,7   02:23   0,0   4,1   0,0   2,7  25,7   11:49   ESE
23  21,8  26,9   13:08  18,0   19:20   0,0   3,5  10,4   1,8  30,6   16:27   ESE
24  19,9  25,9   12:20  17,2   01:26   0,4   2,0   0,0   1,4  22,5   13:00   ESE
25  21,4  26,2   14:01  17,1   04:23   0,2   3,3   0,3   1,4  25,7   21:28    SE
26  21,5  25,9   13:40  17,8   05:41   0,0   3,2   0,0   1,7  25,7   13:25    SE
27  22,9  29,1   14:29  17,8   05:09   0,0   4,6   0,0   4,3  32,2   10:01   NNE
28  21,5  26,1   13:19  17,8   06:11   0,0   3,2  15,2   2,7  27,4   12:09     E
29  20,9  25,9   13:10  16,3   05:32   0,4   3,0   0,0   2,3  24,1   13:21    SE
30  20,9  25,9   12:29  15,0   06:25   0,5   3,1   0,0   3,0  30,6   12:33    SE
----------------------------------------------------------------------------------
    23,6  39,1     5    12,9    15     5,4 162,7  32,0   4,7  51,5    16      NE

Max >=  30,0:  7
Max <=   5,0:  0
Min <=   5,0:  0
Min <=   0,0:  0
Max Rain: 15,2 on day 28
Days of Rain: 8 (>= 0,2 mm)  3 (>= 2,0 mm)  2 (>= 10,0 mm)
Heat Base: 18,3  Cool Base: 18,3  Method: Integration