Resums Climàtics NOAA

Selecciona un any o mes per veure el resum
2018: Gen Feb Mar abr Mai Jun jul Ago Set Oct Nov Des
2017: Gen Feb Mar abr Mai Jun jul Ago Set Oct Nov Des
2016: Gen Feb Mar abr Mai Jun jul Ago Set Oct Nov Des
2015: Gen Feb Mar abr Mai Jun jul Ago Set Oct Nov Des
2014: Gen Feb Mar abr Mai Jun jul Ago Set Oct Nov Des
2013: Gen Feb Mar abr Mai Jun jul Ago Set Oct Nov Des
2012: Gen Feb Mar abr Mai Jun jul Ago Set Oct Nov Des
2011: Gen Feb Mar abr Mai Jun jul Ago Set Oct Nov Des
2010: Gen Feb Mar abr Mai Jun jul Ago Set Oct Nov Des
2009: Gen Feb Mar abr Mai Jun jul Ago Set Oct Nov Des
2008: Gen Feb Mar abr Mai Jun jul Ago Set Oct Nov Des

Resum 2016 Octubre
                   Monthly Climatological Summary for oct. 2016

Name: MeteoTortosa   City: Tortosa   State: Baix Ebre
Elevation: 12 m  Lat: N 40° 49' 48"   Lon: E 000° 31' 12"

                  Temperature (°C), Rain (mm), Wind Speed (km/h)

                                      Heat  Cool        Avg
    Mean                              Deg   Deg         Wind                 Dom
Day Temp  High   Time   Low    Time   Days  Days  Rain  Speed High   Time    Dir
----------------------------------------------------------------------------------
 1  21,9  28,2   15:13  16,5   06:25   0,2   3,8   0,0   0,8  20,9   13:12    SE
 2  22,4  27,1   12:20  18,6   03:39   0,0   4,1   0,0   1,6  20,9   14:14     E
 3  22,9  27,1   12:48  20,1   06:08   0,0   4,6   0,0   2,8  32,2   14:14   ESE
 4  21,7  27,3   12:32  16,8   04:38   0,2   3,6   0,0   2,2  29,0   15:12    SE
 5  21,0  23,9   13:47  18,4   04:09   0,0   2,7   0,0   1,0  19,3   15:25    SE
 6  21,0  24,6   11:08  18,2   04:43   0,0   2,7   0,0   2,2  25,7   15:27     E
 7  20,8  25,4   13:04  16,1   05:56   0,4   2,9   0,0   1,7  19,3   11:39    SE
 8  21,1  27,2   12:48  14,2   05:57   0,4   3,3   0,0   3,5  29,0   08:32   NNE
 9  20,0  23,6   13:45  16,9   23:48   0,1   1,7   0,0   7,3  27,4   10:17    NE
10  18,6  22,8   13:36  14,6   23:37   0,6   1,0   0,0   7,8  35,4   05:05   NNE
11  18,9  25,1   13:19  12,7   01:54   1,0   1,6   0,0   6,8  30,6   08:03    NE
12  18,0  19,3   04:40  16,0   09:42   0,5   0,3   7,4   1,5  22,5   02:40     E
13  18,2  21,7   11:39  15,4   23:59   1,0   0,8   2,3   2,5  22,5   19:09    NE
14  17,7  22,1   15:39  14,6   02:01   1,2   0,6   0,7   5,0  30,6   11:00     N
15  17,7  23,8   12:37  12,4   06:38   2,0   1,4   0,0   1,5  22,5   13:07   ESE
16  18,0  23,9   13:16  11,9   06:41   2,0   1,7   0,3   1,6  27,4   13:20    SE
17  18,9  23,4   12:34  14,7   06:41   1,1   1,7   0,0   0,7  17,7   13:02   NNE
18  19,2  22,9   11:33  16,1   06:47   0,5   1,4   1,8   0,4  14,5   13:40    NE
19  19,1  24,7   14:15  14,9   05:14   0,9   1,7   0,0   2,1  24,1   09:58     N
20  17,8  19,4   15:08  15,5   23:57   0,7   0,2   0,0  12,1  37,0   08:45   NNE
21  15,8  18,2   13:10  14,2   07:07   2,5   0,0   0,5   7,1  37,0   07:34   NNE
22  17,3  19,8   12:00  15,3   03:15   1,2   0,2   1,0   0,8  17,7   12:46   ESE
23  19,7  24,6   13:37  16,2   04:42   0,6   2,0   0,3   2,6  29,0   14:21   ESE
24  21,1  24,9   10:50  18,1   06:39   0,0   2,8   0,7   1,3  22,5   12:35     E
25  20,0  23,5   14:53  17,9   07:05   0,0   1,7   1,3   0,6  16,1   12:08   ENE
26  20,0  24,1   14:39  16,6   23:41   0,2   2,0   0,0   3,3  27,4   12:40     N
27  19,7  24,5   10:41  14,0   06:37   1,0   2,4   0,2   2,4  24,1   08:54     E
28  19,1  23,8   12:17  15,9   23:45   0,7   1,5   0,0   0,8  19,3   14:04   SSE
29  17,7  24,8   15:02  13,6   05:34   2,0   1,4   0,3   2,5  19,3   10:05     N
30  16,0  22,7   13:43  11,2   06:47   3,1   0,8   0,0   4,0  22,5   13:11   NNE
31  16,4  21,6   13:37  12,9   00:58   2,6   0,7   0,0   1,2  20,9   13:39    SE
----------------------------------------------------------------------------------
    19,3  28,2     1    11,2    30    26,7  57,3  16,8   2,9  37,0    20      NE

Max >=  30,0:  0
Max <=   5,0:  0
Min <=   5,0:  0
Min <=   0,0:  0
Max Rain: 7,4 on day 12
Days of Rain: 12 (>= 0,2 mm)  2 (>= 2,0 mm)  0 (>= 10,0 mm)
Heat Base: 18,3  Cool Base: 18,3  Method: Integration