Resums Climàtics NOAA

Selecciona un any o mes per veure el resum
2018: Gen Feb Mar abr Mai Jun jul Ago Set Oct Nov Des
2017: Gen Feb Mar abr Mai Jun jul Ago Set Oct Nov Des
2016: Gen Feb Mar abr Mai Jun jul Ago Set Oct Nov Des
2015: Gen Feb Mar abr Mai Jun jul Ago Set Oct Nov Des
2014: Gen Feb Mar abr Mai Jun jul Ago Set Oct Nov Des
2013: Gen Feb Mar abr Mai Jun jul Ago Set Oct Nov Des
2012: Gen Feb Mar abr Mai Jun jul Ago Set Oct Nov Des
2011: Gen Feb Mar abr Mai Jun jul Ago Set Oct Nov Des
2010: Gen Feb Mar abr Mai Jun jul Ago Set Oct Nov Des
2009: Gen Feb Mar abr Mai Jun jul Ago Set Oct Nov Des
2008: Gen Feb Mar abr Mai Jun jul Ago Set Oct Nov Des

Resum 2016 Novembre
                   Monthly Climatological Summary for nov. 2016

Name: MeteoTortosa   City: Tortosa   State: Baix Ebre
Elevation: 12 m  Lat: N 40° 49' 48"   Lon: E 000° 31' 12"

                  Temperature (°C), Rain (mm), Wind Speed (km/h)

                                      Heat  Cool        Avg
    Mean                              Deg   Deg         Wind                 Dom
Day Temp  High   Time   Low    Time   Days  Days  Rain  Speed High   Time    Dir
----------------------------------------------------------------------------------
 1  16,6  22,1   13:37  11,8   06:19   2,4   0,7   0,0   1,9  19,3   13:44   ENE
 2  16,4  23,2   14:18  12,5   23:55   2,7   0,8   0,0   3,1  20,9   08:09     N
 3  15,9  22,7   13:31  11,2   04:35   3,1   0,7   0,0   2,8  17,7   07:05     N
 4  16,2  20,6   12:57  12,1   04:29   2,4   0,3   0,0   2,6  33,8   11:49     N
 5  16,5  25,6   15:44  13,6   20:31   2,5   0,7   0,8   7,8  53,1   16:53     N
 6  14,6  17,2   13:41  12,6   23:59   3,7   0,0   0,0  16,3  48,3   05:41   NNW
 7  12,5  15,3   12:35  10,1   06:48   5,8   0,0   0,0  14,5  45,1   04:11   NNW
 8  12,1  15,8   14:07   9,3   03:18   6,2   0,0   0,0  17,4  57,9   12:19   NNW
 9  16,7  19,6   13:56  13,6   02:20   1,7   0,2   0,0  12,3  53,1   15:07   NNW
10  16,8  19,7   13:42  14,6   01:07   1,7   0,2   0,0  15,8  54,7   03:47   NNW
11  17,6  20,4   13:08  15,6   23:24   1,1   0,4   0,0  14,6  49,9   15:04   NNW
12  15,5  20,5   13:40  11,6   07:30   3,0   0,2   0,0   3,0  29,0   00:43     N
13  15,9  21,1   13:16  11,4   00:06   2,9   0,5   0,2   7,6  40,2   19:06   NNW
14  14,8  19,1   14:32  12,7   23:43   3,5   0,0   0,0  11,0  46,7   02:11     N
15  13,2  18,1   14:16   7,7   23:04   5,1   0,0   0,0   7,9  32,2   11:31   NNE
16  11,0  18,2   12:35   5,1   06:16   7,3   0,0   0,0   1,0  17,7   13:17     S
17  12,1  19,9   14:03   5,3   06:31   6,4   0,2   0,0   0,2  14,5   13:10    SE
18  13,9  20,4   13:05   7,1   05:29   4,6   0,2   0,0   2,3  25,7   19:19     N
20  16,0  17,4   00:58  13,1   23:31   1,1   0,0   1,8   2,6  32,2   09:49     N
21  15,7  18,6   14:31  13,3   00:40   2,5   0,0   5,6   0,2  11,3   14:14    SE
22  14,2  18,1   20:16  12,5   23:06   4,1   0,0   8,9   3,1  37,0   19:41    NE
23  12,3  16,1   09:17   8,8   19:27   6,0   0,0  20,5   7,8  37,0   01:28   NNE
24  10,6  14,3   14:41   7,9   02:38   7,7   0,0   0,3   4,9  27,4   04:48     N
25   9,7  14,0   13:43   6,7   01:46   8,6   0,0   0,0   3,4  25,7   09:49     N
26  10,4  14,9   14:08   8,2   04:56   7,9   0,0  37,8   2,9  38,6   13:56   NNE
27  12,6  16,9   03:19  11,0   22:25   5,6   0,0   5,6   4,6  30,6   03:29   NNE
28  12,6  14,7   15:24  11,2   23:51   5,7   0,0   2,8   6,3  24,1   13:42   NNE
29  12,3  15,4   12:59   8,9   04:55   6,0   0,0   2,8   0,8  25,7   23:44   NNE
30  12,6  14,9   10:55   7,9   23:39   5,7   0,0   0,0   3,6  29,0   10:59     E
----------------------------------------------------------------------------------
    14,0  25,6     5     5,1    16   127,0   5,1  87,1   6,4  57,9     8       N

Max >=  30,0:  0
Max <=   5,0:  0
Min <=   5,0:  0
Min <=   0,0:  0
Max Rain: 37,8 on day 26
Days of Rain: 11 (>= 0,2 mm)  7 (>= 2,0 mm)  2 (>= 10,0 mm)
Heat Base: 18,3  Cool Base: 18,3  Method: Integration