Resums Climàtics NOAA

Selecciona un any o mes per veure el resum
2018: Gen Feb Mar abr Mai Jun jul Ago Set Oct Nov Des
2017: Gen Feb Mar abr Mai Jun jul Ago Set Oct Nov Des
2016: Gen Feb Mar abr Mai Jun jul Ago Set Oct Nov Des
2015: Gen Feb Mar abr Mai Jun jul Ago Set Oct Nov Des
2014: Gen Feb Mar abr Mai Jun jul Ago Set Oct Nov Des
2013: Gen Feb Mar abr Mai Jun jul Ago Set Oct Nov Des
2012: Gen Feb Mar abr Mai Jun jul Ago Set Oct Nov Des
2011: Gen Feb Mar abr Mai Jun jul Ago Set Oct Nov Des
2010: Gen Feb Mar abr Mai Jun jul Ago Set Oct Nov Des
2009: Gen Feb Mar abr Mai Jun jul Ago Set Oct Nov Des
2008: Gen Feb Mar abr Mai Jun jul Ago Set Oct Nov Des

Resum 2016 Desembre
                   Monthly Climatological Summary for dic. 2016

Name: MeteoTortosa   City: Tortosa   State: Baix Ebre
Elevation: 12 m  Lat: N 40° 49' 48"   Lon: E 000° 31' 12"

                  Temperature (°C), Rain (mm), Wind Speed (km/h)

                                      Heat  Cool        Avg
    Mean                              Deg   Deg         Wind                 Dom
Day Temp  High   Time   Low    Time   Days  Days  Rain  Speed High   Time    Dir
----------------------------------------------------------------------------------
 1   9,6  16,1   12:06   5,8   07:01   8,7   0,0   0,3   1,4  11,3   05:55     N
 2   9,4  15,8   13:39   6,1   04:07   8,9   0,0   0,0   4,1  22,5   22:03     N
 3   9,2  11,8   15:34   6,7   00:00   9,1   0,0   4,5   5,7  27,4   09:51     N
 4  14,3  17,3   13:38  11,5   00:11   4,0   0,0  14,0   5,7  37,0   22:38     E
 5  16,2  18,4   14:33  12,9   23:56   2,1   0,0   1,3   5,4  33,8   00:14   ENE
 6  13,7  18,3   14:41   9,3   23:25   4,6   0,0   0,0   4,3  24,1   12:21     N
 7  11,3  17,7   14:04   8,3   03:36   7,0   0,0   0,0   1,8  17,7   14:30     N
 8   9,9  13,0   14:25   7,9   23:49   8,4   0,0   0,2   9,8  32,2   10:58     N
 9   9,6  13,7   14:26   7,3   03:41   8,7   0,0   0,0   9,1  29,0   09:59     N
10   8,9  14,3   13:59   6,0   06:36   9,4   0,0   0,0   9,6  27,4   22:19     N
11   9,0  12,9   14:00   6,9   00:00   9,3   0,0   0,0  10,7  32,2   01:51     N
12   9,6  14,9   13:21   6,4   23:52   8,6   0,0   0,0   9,4  27,4   13:44     N
13   6,9  10,7   14:19   4,9   07:23  11,4   0,0   0,0  10,0  27,4   01:39     N
14   7,3  13,1   14:22   5,5   06:04  10,9   0,0   0,0   7,0  20,9   02:07     N
15   8,0  10,8   14:17   5,6   00:29  10,3   0,0   0,8  10,2  33,8   12:42     N
16  10,5  13,1   14:58   8,1   00:25   7,8   0,0  11,2   2,6  25,7   23:16     N
17  13,4  14,8   02:38   8,8   23:52   4,9   0,0   0,7   6,4  40,2   02:50    NE
18  10,0  13,4   14:05   7,4   02:25   8,3   0,0   0,3   7,3  24,1   21:21   NNE
19   8,8  10,4   22:00   7,7   05:29   9,5   0,0   2,5  15,3  43,5   08:08   NNE
20  12,0  14,8   13:23  10,2   02:09   6,3   0,0   0,0  17,6  51,5   18:04     N
21  12,5  16,2   14:35   9,7   03:05   5,8   0,0   0,0  15,7  37,0   10:06   NNE
22  13,1  16,0   14:06   9,6   23:59   5,2   0,0   0,0  13,0  33,8   12:08     N
23  11,8  18,0   12:47   7,1   07:14   6,5   0,0   0,0   3,0  32,2   14:39   NNW
24  10,3  17,7   14:01   4,9   07:47   8,0   0,0   0,3   2,1  29,0   13:39   NNW
25  11,6  17,3   13:43   6,6   07:42   6,7   0,0   0,0   4,3  30,6   03:20   NNW
26  10,4  13,6   13:52   7,9   06:36   7,9   0,0   0,0   9,6  38,6   13:02     N
27   9,6  11,8   12:14   6,2   23:52   8,7   0,0   0,0  13,3  37,0   15:22     N
28   6,3   9,1   13:46   4,5   23:56  12,0   0,0   0,0  13,8  37,0   11:26     N
29   5,3   9,3   14:38   2,2   23:59  13,0   0,0   0,0  14,9  40,2   09:55     N
30   4,0   6,3   13:33   2,2   00:00  14,3   0,0   0,0  15,8  38,6   13:51     N
31   4,3   6,6   14:19   3,1   05:11  14,0   0,0   0,0  17,3  38,6   09:29     N
----------------------------------------------------------------------------------
     9,9  18,4     5     2,2    29   260,3   0,0  36,1   8,9  51,5    20       N

Max >=  30,0:  0
Max <=   5,0:  0
Min <=   5,0:  6
Min <=   0,0:  0
Max Rain: 14,0 on day 4
Days of Rain: 11 (>= 0,2 mm)  4 (>= 2,0 mm)  2 (>= 10,0 mm)
Heat Base: 18,3  Cool Base: 18,3  Method: Integration