Resums Climàtics NOAA

Selecciona un any o mes per veure el resum
2018: Gen Feb Mar abr Mai Jun jul Ago Set Oct Nov Des
2017: Gen Feb Mar abr Mai Jun jul Ago Set Oct Nov Des
2016: Gen Feb Mar abr Mai Jun jul Ago Set Oct Nov Des
2015: Gen Feb Mar abr Mai Jun jul Ago Set Oct Nov Des
2014: Gen Feb Mar abr Mai Jun jul Ago Set Oct Nov Des
2013: Gen Feb Mar abr Mai Jun jul Ago Set Oct Nov Des
2012: Gen Feb Mar abr Mai Jun jul Ago Set Oct Nov Des
2011: Gen Feb Mar abr Mai Jun jul Ago Set Oct Nov Des
2010: Gen Feb Mar abr Mai Jun jul Ago Set Oct Nov Des
2009: Gen Feb Mar abr Mai Jun jul Ago Set Oct Nov Des
2008: Gen Feb Mar abr Mai Jun jul Ago Set Oct Nov Des

Resum 2017
                   Annual Climatological Summary for 2017

Name: MeteoTortosa   City: Tortosa   State: Baix Ebre
Elevation: 12 m  Lat: N 40° 49' 48"   Lon: E 000° 31' 12"

                  Temperature (°C), Heat Base: 18,3  Cool Base: 18,3
                          Dep.  Heat  Cool                       Max  Max  Min  Min
        Mean  Mean        From  Deg   Deg                        >=   <=   <=   <=
 YR MO  Max   Min   Mean  Norm  Days  Days  Hi  Date  Low  Date 30,0  5,0  5,0   0,0
------------------------------------------------------------------------------------
 17  1  13,3   5,4   9,2   0.0   280     0  18,8  12  -0,3    7    0    0   16    1
 17  2  17,0   8,4  12,4   0.0   165     0  20,7  22   4,9   10    0    0    1    0
 17  3  19,9   8,6  14,1   0.0   143    14  27,6   9   5,1   18    0    0    0    0
 17  4  21,4  10,1  15,8   0.0    99    24  27,8  14   6,2   22    0    0    0    0
 17  5  25,0  15,1  20,1   0.0    25    81  31,0  25   8,7    2    1    0    0    0
 17  6  29,3  20,1  24,9   0.0     1   197  34,8  17  14,9    6   15    0    0    0
 17  7  30,0  21,7  25,9   0.0     0   236  32,8  12  17,4    3   17    0    0    0
 17  8  30,3  21,9  26,0   0.0     0   238  36,9   3  16,5   12   16    0    0    0
 17  9  27,1  17,8  22,2   0.0     8   126  32,5  11  12,2   15    4    0    0    0
 17 10  24,5  19,9  22,6   0.0     2   116  28,6   6   0,0   12    0    0    1    1
 17 11
 17 12
------------------------------------------------------------------------------------
        23,8  14,9  19,3   0.0   728  1036  36,9ago.  -0,3 ene.   53    0   18    2

                                Precipitation (mm)

              Dep.   Max        Days of Rain
              From   Obs.           >=
 YR MO Total  Norm   Day Date  0,2  2,0 10,0
---------------------------------------------
 17  1  94,0   0.0  61,2  20     7    4    3
 17  2  12,9   0.0   6,1  13    10    2    0
 17  3  48,8   0.0  14,5  27     8    5    2
 17  4  13,2   0.0   6,1  25     5    2    0
 17  5  19,8   0.0  13,0  11     2    2    1
 17  6  12,2   0.0   6,9   4     5    3    0
 17  7  16,5   0.0  10,4  23     2    2    1
 17  8  13,5   0.0   7,9  31     7    2    0
 17  9  12,4   0.0   4,3  22     3    3    0
 17 10   0,0   0.0   0,0   0     0    0    0
 17 11
 17 12
---------------------------------------------
       243,3   0.0  61,2 ene.   49   25    7

                                Wind Speed (km/h)
                          Dom
 YR MO   Avg.  Hi   Date  Dir
------------------------------
 17  1   9,0  69,2   10     N
 17  2   6,3  77,2    6     N
 17  3   4,9  74,0    6     N
 17  4   6,0  64,4    2   NNE
 17  5   5,0  59,5   18   ESE
 17  6   5,9  49,9   30     E
 17  7   6,0  53,1   23   ENE
 17  8   6,0  53,1   10   ENE
 17  9   6,6  62,8   10     N
 17 10   4,5  41,8   22     E
 17 11
 17 12
------------------------------
         6,0  77,2 feb.    NE