Resums Climàtics NOAA

Selecciona un any o mes per veure el resum
2018: Gen Feb Mar abr Mai Jun jul Ago Set Oct Nov Des
2017: Gen Feb Mar abr Mai Jun jul Ago Set Oct Nov Des
2016: Gen Feb Mar abr Mai Jun jul Ago Set Oct Nov Des
2015: Gen Feb Mar abr Mai Jun jul Ago Set Oct Nov Des
2014: Gen Feb Mar abr Mai Jun jul Ago Set Oct Nov Des
2013: Gen Feb Mar abr Mai Jun jul Ago Set Oct Nov Des
2012: Gen Feb Mar abr Mai Jun jul Ago Set Oct Nov Des
2011: Gen Feb Mar abr Mai Jun jul Ago Set Oct Nov Des
2010: Gen Feb Mar abr Mai Jun jul Ago Set Oct Nov Des
2009: Gen Feb Mar abr Mai Jun jul Ago Set Oct Nov Des
2008: Gen Feb Mar abr Mai Jun jul Ago Set Oct Nov Des

Resum 2017 Gener
                   Monthly Climatological Summary for ene. 2017

Name: MeteoTortosa   City: Tortosa   State: Baix Ebre
Elevation: 12 m  Lat: N 40° 49' 48"   Lon: E 000° 31' 12"

                  Temperature (°C), Rain (mm), Wind Speed (km/h)

                                      Heat  Cool        Avg
    Mean                              Deg   Deg         Wind                 Dom
Day Temp  High   Time   Low    Time   Days  Days  Rain  Speed High   Time    Dir
----------------------------------------------------------------------------------
 1   4,0   6,3   13:25   3,0   07:06  14,3   0,0   0,0  14,4  33,8   01:42     N
 2   4,5   6,5   13:08   2,7   05:35  13,8   0,0   0,0  13,6  37,0   13:17     N
 3   6,0  10,4   14:40   3,4   04:48  12,3   0,0   0,0   8,2  40,2   04:49     N
 4   8,5  15,1   20:39   2,6   06:36   9,8   0,0   0,0   3,1  49,9   22:31   NNW
 5  12,1  17,7   13:50   3,4   23:35   6,2   0,0   0,0  13,1  53,1   07:50     N
 6   7,2  14,1   14:49   3,1   23:35  11,1   0,0   0,0   1,1  17,7   10:44   NNW
 7   5,8  14,2   14:03  -0,3   07:14  12,5   0,0   0,0   1,2  17,7   10:56     N
 8   9,0  15,8   13:54   0,7   04:10   9,3   0,0   0,0  10,5  45,1   23:31   NNE
 9  10,7  15,8   14:12   4,6   23:47   7,6   0,0   0,0   5,3  33,8   00:51   NNE
10  12,9  15,3   14:27   4,9   00:00   5,4   0,0   0,0  17,1  69,2   18:24   NNW
11  11,8  14,6   14:39   7,9   23:49   6,5   0,0   0,0   5,2  27,4   02:27   NNE
12  11,6  18,8   13:00   4,9   07:41   6,8   0,0   0,0   2,0  43,5   22:06    NW
13  12,3  17,1   00:00   7,9   23:52   6,1   0,0   0,0  16,5  67,6   13:29   NNW
14   8,9  11,7   13:34   7,3   01:53   9,4   0,0   0,0  14,2  53,1   12:12   NNW
15  10,5  14,3   14:13   7,9   00:00   7,8   0,0   0,0  10,2  49,9   16:00   NNW
16  13,2  16,7   13:21  10,8   00:00   5,1   0,0   0,0  14,1  53,1   14:53   NNW
17   8,6  12,1   00:03   3,6   23:44   9,7   0,0   0,0  14,2  49,9   01:42   NNW
18   4,4   7,4   13:35   2,1   05:28  13,9   0,0   0,0  16,6  46,7   20:25   NNE
19   5,3   9,9   23:58   3,6   05:21  13,0   0,0   1,0  17,0  48,3   02:21     N
20   8,9   9,9   00:00   8,1   23:15   9,4   0,0  61,2   6,5  40,2   04:25    NE
21   9,5  11,2   20:15   8,0   00:28   8,8   0,0   1,6  11,6  37,0   08:58     N
22   9,8  11,3   00:35   8,6   16:49   8,5   0,0   2,0  12,6  33,8   11:41     N
23  10,4  12,6   15:20   7,8   06:08   7,9   0,0   0,5  12,0  41,8   19:52     N
24  11,2  15,3   15:54   7,1   20:30   7,1   0,0   0,0  15,1  59,5   09:12     N
25   9,7  13,7   15:10   5,1   22:32   8,6   0,0   0,0  10,1  41,8   12:24   NNE
26   7,7  11,2   15:20   4,7   08:05  10,6   0,0   0,0   0,1   9,7   12:41   SSW
27  10,4  13,7   15:52   7,6   00:57   7,9   0,0  13,5   0,5  25,7   04:28    SE
28  11,8  15,0   15:06   9,1   06:38   6,5   0,0  14,2  10,2  45,1   10:15     N
29   9,3  15,8   14:11   3,3   07:18   9,0   0,0   0,0   1,2  17,7   00:20    NE
30  10,9  16,2   15:33   8,2   02:23   7,4   0,0   0,0   0,2   9,7   07:36     N
31   9,7  13,6   13:41   5,4   06:07   8,6   0,0   0,0   0,9  22,5   13:10   SSE
----------------------------------------------------------------------------------
     9,2  18,8    12    -0,3     7   280,9   0,0  94,0   9,0  69,2    10       N

Max >=  30,0:  0
Max <=   5,0:  0
Min <=   5,0: 16
Min <=   0,0:  1
Max Rain: 61,2 on day 20
Days of Rain: 7 (>= 0,2 mm)  4 (>= 2,0 mm)  3 (>= 10,0 mm)
Heat Base: 18,3  Cool Base: 18,3  Method: Integration