Resums Climàtics NOAA

Selecciona un any o mes per veure el resum
2018: Gen Feb Mar abr Mai Jun jul Ago Set Oct Nov Des
2017: Gen Feb Mar abr Mai Jun jul Ago Set Oct Nov Des
2016: Gen Feb Mar abr Mai Jun jul Ago Set Oct Nov Des
2015: Gen Feb Mar abr Mai Jun jul Ago Set Oct Nov Des
2014: Gen Feb Mar abr Mai Jun jul Ago Set Oct Nov Des
2013: Gen Feb Mar abr Mai Jun jul Ago Set Oct Nov Des
2012: Gen Feb Mar abr Mai Jun jul Ago Set Oct Nov Des
2011: Gen Feb Mar abr Mai Jun jul Ago Set Oct Nov Des
2010: Gen Feb Mar abr Mai Jun jul Ago Set Oct Nov Des
2009: Gen Feb Mar abr Mai Jun jul Ago Set Oct Nov Des
2008: Gen Feb Mar abr Mai Jun jul Ago Set Oct Nov Des

Resum 2017 abril
                   Monthly Climatological Summary for abr. 2017

Name: MeteoTortosa   City: Tortosa   State: Baix Ebre
Elevation: 12 m  Lat: N 40° 49' 48"   Lon: E 000° 31' 12"

                  Temperature (°C), Rain (mm), Wind Speed (km/h)

                                      Heat  Cool        Avg
    Mean                              Deg   Deg         Wind                 Dom
Day Temp  High   Time   Low    Time   Days  Days  Rain  Speed High   Time    Dir
----------------------------------------------------------------------------------
 1  15,8  19,6   14:14  11,3   03:21   2,6   0,1   0,3  12,9  56,3   15:00   NNW
 2  15,8  19,6   15:46  12,9   05:31   2,6   0,2   0,0  19,6  64,4   07:22   NNW
 3  15,8  21,8   14:30  10,8   23:58   3,2   0,7   0,0   9,9  32,2   00:01   NNE
 4  17,0  23,5   14:28   8,3   02:57   2,4   1,1   0,0   8,1  37,0   21:47   NNE
 5  16,3  19,5   17:27  13,2   07:07   2,1   0,1   0,0  11,9  41,8   03:15     N
 6  16,9  23,8   16:22  10,2   03:45   2,7   1,3   0,0   6,3  32,2   08:32   NNW
 7  15,8  21,8   11:52  10,1   04:05   3,2   0,7   0,0   4,6  25,7   13:03     E
 8  15,7  23,3   13:14   8,5   05:20   3,8   1,2   0,0   3,0  30,6   15:16   ESE
 9  14,6  20,6   11:09   7,1   06:06   4,2   0,5   0,0   4,6  33,8   12:45   ESE
10  16,0  23,8   14:13   8,1   05:11   3,7   1,5   0,0   2,1  22,5   16:22   ESE
11  17,8  25,9   14:56   9,1   05:47   2,9   2,4   0,0   2,3  22,5   12:53    SE
12  16,4  22,2   13:52  10,2   05:49   2,8   0,9   0,0   2,9  27,4   15:02   ESE
13  18,0  26,5   15:56  10,6   05:24   2,7   2,4   0,0   1,6  19,3   11:30   SSE
14  19,0  27,8   10:58  12,6   03:48   1,9   2,6   0,0   3,6  29,0   13:21   ESE
15  18,6  26,3   15:22  12,3   05:23   1,3   1,6   0,0   7,9  40,2   15:38   NNE
16  18,4  22,9   14:13  14,8   05:28   1,1   1,2   0,0   6,2  35,4   00:46   NNE
17  17,1  22,1   12:52  11,1   05:52   2,1   0,8   0,0   3,2  27,4   15:11    SE
18  19,0  24,3   11:25  13,8   05:24   1,1   1,8   0,0   2,9  25,7   13:53   ESE
19  14,9  17,4   02:51  12,1   23:57   3,4   0,0   0,0   3,3  32,2   03:23    SE
20  12,9  16,2   15:09   9,3   05:53   5,4   0,0   0,0   3,0  22,5   08:30    SE
21  12,9  18,1   12:25   6,5   04:52   5,4   0,0   0,0   3,0  25,7   11:27    SE
22  13,9  19,4   14:59   6,2   04:47   4,6   0,2   0,0   3,6  27,4   12:09    SE
23  14,8  22,4   12:12   7,1   05:00   4,3   0,8   0,0   3,2  29,0   13:58    SE
24  15,2  21,1   11:46   7,3   05:08   3,7   0,6   0,0   5,0  35,4   16:16    SE
25  16,8  20,9   11:34  13,7   05:21   1,9   0,4   6,1   3,3  30,6   13:59   ESE
26  15,3  18,6   12:28  11,1   23:13   3,0   0,0   0,2  12,6  37,0   06:15     N
27  10,0  14,5   15:38   7,0   06:29   8,3   0,0   5,8  10,5  48,3   06:07   NNE
28  12,7  17,3   14:26   8,3   04:46   5,6   0,0   0,0   7,3  29,0   06:46    NE
29  12,7  15,8   08:54   7,4   05:35   5,6   0,0   0,8   3,1  27,4   14:58   SSE
30  17,5  23,9   17:37  13,0   06:17   2,0   1,2   0,0   7,8  54,7   18:23   NNW
----------------------------------------------------------------------------------
    15,8  27,8    14     6,2    22    99,6  24,3  13,2   6,0  64,4     2     NNE

Max >=  30,0:  0
Max <=   5,0:  0
Min <=   5,0:  0
Min <=   0,0:  0
Max Rain: 6,1 on day 25
Days of Rain: 5 (>= 0,2 mm)  2 (>= 2,0 mm)  0 (>= 10,0 mm)
Heat Base: 18,3  Cool Base: 18,3  Method: Integration