Resums Climàtics NOAA

Selecciona un any o mes per veure el resum
2018: Gen Feb Mar abr Mai Jun jul Ago Set Oct Nov Des
2017: Gen Feb Mar abr Mai Jun jul Ago Set Oct Nov Des
2016: Gen Feb Mar abr Mai Jun jul Ago Set Oct Nov Des
2015: Gen Feb Mar abr Mai Jun jul Ago Set Oct Nov Des
2014: Gen Feb Mar abr Mai Jun jul Ago Set Oct Nov Des
2013: Gen Feb Mar abr Mai Jun jul Ago Set Oct Nov Des
2012: Gen Feb Mar abr Mai Jun jul Ago Set Oct Nov Des
2011: Gen Feb Mar abr Mai Jun jul Ago Set Oct Nov Des
2010: Gen Feb Mar abr Mai Jun jul Ago Set Oct Nov Des
2009: Gen Feb Mar abr Mai Jun jul Ago Set Oct Nov Des
2008: Gen Feb Mar abr Mai Jun jul Ago Set Oct Nov Des

Resum 2017 juliol
                   Monthly Climatological Summary for jul. 2017

Name: MeteoTortosa   City: Tortosa   State: Baix Ebre
Elevation: 12 m  Lat: N 40° 49' 48"   Lon: E 000° 31' 12"

                  Temperature (°C), Rain (mm), Wind Speed (km/h)

                                      Heat  Cool        Avg
    Mean                              Deg   Deg         Wind                 Dom
Day Temp  High   Time   Low    Time   Days  Days  Rain  Speed High   Time    Dir
----------------------------------------------------------------------------------
 1  22,1  25,9   14:55  18,2   04:59   0,0   3,8   0,0  17,5  53,1   06:19    NW
 2  24,2  29,3   14:31  20,2   23:58   0,0   5,9   0,0  11,2  49,9   00:18   NNW
 3  23,8  28,3   11:41  17,4   03:16   0,1   5,6   0,0   3,7  35,4   13:39    SE
 4  24,2  28,7   13:26  18,4   04:47   0,0   5,9   0,0   6,4  35,4   12:30    SE
 5  24,5  28,5   12:47  19,4   04:51   0,0   6,2   0,0   6,1  32,2   11:49    SE
 6  25,8  29,5   16:17  22,8   02:15   0,0   7,5   0,0   2,5  29,0   02:30   SSE
 7  26,2  30,5   10:27  22,6   04:23   0,0   7,9   0,0   2,3  24,1   11:48    SE
 8  24,9  30,0   11:50  19,8   20:04   0,0   6,5   6,1   4,4  32,2   13:11   ESE
 9  26,2  31,4   12:51  19,8   00:53   0,0   7,9   0,0   8,6  33,8   08:49   NNE
10  25,7  29,1   11:23  22,8   03:01   0,0   7,4   0,0   3,5  30,6   13:47   ESE
11  26,1  30,2   14:51  21,9   04:13   0,0   7,8   0,0   3,8  25,7   12:24   ESE
12  27,6  32,8   16:00  23,3   03:57   0,0   9,3   0,0   3,4  25,7   14:55    SE
13  27,5  30,6   15:05  23,9   04:49   0,0   9,2   0,0   4,2  35,4   14:10    SE
14  27,2  30,3   14:54  24,1   05:05   0,0   8,9   0,0   3,5  24,1   13:40    SE
15  27,2  31,2   12:08  23,6   05:00   0,0   8,9   0,0   6,6  32,2   07:03   NNE
16  27,1  32,6   12:56  22,7   04:43   0,0   8,8   0,0   4,9  33,8   17:00    SE
17  26,3  29,6   13:25  22,1   05:17   0,0   8,0   0,0   5,6  33,8   11:21    SE
18  26,8  30,8   11:46  23,1   04:43   0,0   8,5   0,0   5,4  40,2   11:50    SE
19  26,8  29,9   12:11  24,3   02:27   0,0   8,5   0,0   4,8  32,2   12:19    SE
20  26,2  29,4   14:19  23,8   03:24   0,0   7,9   0,0   5,3  25,7   06:10     E
21  25,5  28,3   13:42  23,2   05:19   0,0   7,2   0,0   2,1  25,7   13:45    SE
22  25,9  29,3   12:57  22,2   05:01   0,0   7,6   0,0   4,0  30,6   14:16    SE
23  23,8  29,1   12:24  17,7   15:24   0,0   5,5  10,4   4,5  53,1   15:03   NNE
24  26,5  31,6   14:50  18,8   03:29   0,0   8,2   0,0  14,4  51,5   15:48   NNW
25  25,3  30,4   15:42  20,8   05:17   0,0   7,0   0,0  16,2  49,9   00:11   NNW
26  24,9  31,2   13:15  20,5   04:50   0,0   6,6   0,0  10,3  41,8   05:37   NNE
27  26,5  32,6   12:21  19,1   05:28   0,0   8,2   0,0   3,9  29,0   14:16    SE
28  27,2  30,4   12:48  24,2   05:31   0,0   8,9   0,0   3,7  29,0   12:51    SE
29  27,2  30,2   15:20  24,7   01:51   0,0   8,9   0,0   5,7  35,4   13:36   ESE
30  27,0  28,5   08:45  22,8   04:18   0,0   8,7   0,0   1,0   9,7   08:43     E
31  27,9  30,2   13:25  25,3   05:30   0,0   9,6   0,0   6,7  32,2   15:55   ESE
----------------------------------------------------------------------------------
    25,9  32,8    12    17,4     3     0,1 236,8  16,5   6,0  53,1     1     ENE

Max >=  30,0: 17
Max <=   5,0:  0
Min <=   5,0:  0
Min <=   0,0:  0
Max Rain: 10,4 on day 23
Days of Rain: 2 (>= 0,2 mm)  2 (>= 2,0 mm)  1 (>= 10,0 mm)
Heat Base: 18,3  Cool Base: 18,3  Method: Integration