Resums Climàtics NOAA

Selecciona un any o mes per veure el resum
2018: Gen Feb Mar abr Mai Jun jul Ago Set Oct Nov Des
2017: Gen Feb Mar abr Mai Jun jul Ago Set Oct Nov Des
2016: Gen Feb Mar abr Mai Jun jul Ago Set Oct Nov Des
2015: Gen Feb Mar abr Mai Jun jul Ago Set Oct Nov Des
2014: Gen Feb Mar abr Mai Jun jul Ago Set Oct Nov Des
2013: Gen Feb Mar abr Mai Jun jul Ago Set Oct Nov Des
2012: Gen Feb Mar abr Mai Jun jul Ago Set Oct Nov Des
2011: Gen Feb Mar abr Mai Jun jul Ago Set Oct Nov Des
2010: Gen Feb Mar abr Mai Jun jul Ago Set Oct Nov Des
2009: Gen Feb Mar abr Mai Jun jul Ago Set Oct Nov Des
2008: Gen Feb Mar abr Mai Jun jul Ago Set Oct Nov Des

Resum 2017 Agost
                   Monthly Climatological Summary for ago. 2017

Name: MeteoTortosa   City: Tortosa   State: Baix Ebre
Elevation: 12 m  Lat: N 40° 49' 48"   Lon: E 000° 31' 12"

                  Temperature (°C), Rain (mm), Wind Speed (km/h)

                                      Heat  Cool        Avg
    Mean                              Deg   Deg         Wind                 Dom
Day Temp  High   Time   Low    Time   Days  Days  Rain  Speed High   Time    Dir
----------------------------------------------------------------------------------
 1  26,8  29,3   12:07  24,7   06:08   0,0   8,5   0,3   2,8  29,0   13:48   ESE
 2  27,7  32,3   10:45  23,1   05:22   0,0   9,4   0,0   2,9  32,2   14:48    SE
 3  29,2  36,9   10:58  21,8   04:34   0,0  10,9   0,0   2,7  30,6   13:40    SE
 4  29,4  34,7   13:55  24,0   05:09   0,0  11,1   0,0   3,8  25,7   14:22    SE
 5  29,0  33,2   11:47  25,7   05:18   0,0  10,7   0,0   4,6  37,0   13:56    SE
 6  26,6  30,3   12:50  23,6   05:18   0,0   8,3   0,0   9,7  41,8   08:17   NNE
 7  27,5  30,8   12:36  24,8   04:23   0,0   9,2   0,0   6,1  35,4   14:32    SE
 8  27,3  31,3   13:44  24,1   23:58   0,0   9,0   0,0  14,3  43,5   09:03     N
 9  23,4  26,6   13:25  19,1   23:56   0,0   5,0   0,2  13,2  45,1   23:17     N
10  22,6  27,7   15:55  17,8   05:57   0,0   4,4   0,5  17,1  53,1   01:54   NNW
11  22,7  28,9   14:38  18,8   05:36   0,0   4,4   0,0  12,9  51,5   04:17     N
12  23,3  28,3   11:35  16,5   03:59   0,2   5,2   0,0   4,6  29,0   12:10     E
13  24,2  28,8   12:32  18,6   03:43   0,0   5,9   0,0   4,1  30,6   13:17    SE
14  25,3  29,3   11:04  19,9   05:54   0,0   7,0   0,0   5,8  37,0   12:17    SE
15  25,0  28,9   13:05  21,1   04:18   0,0   6,7   0,3   3,7  33,8   18:54   ESE
16  26,6  30,6   13:42  23,9   04:10   0,0   8,3   0,0   2,8  25,7   15:45    SE
17  26,7  31,9   11:44  21,8   05:04   0,0   8,4   0,0   4,0  29,0   14:35    SE
18  27,2  31,5   12:31  23,1   03:09   0,0   8,9   0,0   4,5  32,2   13:42   ESE
19  26,6  30,8   11:18  23,7   23:59   0,0   8,3   0,0   6,1  32,2   00:13     E
20  26,1  31,2   12:49  21,6   03:31   0,0   7,8   0,0   5,0  30,6   13:59   ENE
21  26,3  29,9   12:41  21,6   05:35   0,0   8,0   0,0   3,6  32,2   15:20    SE
22  25,7  29,8   15:05  20,4   05:19   0,0   7,4   0,0   5,4  35,4   14:52   ESE
23  25,7  29,5   11:40  21,4   05:13   0,0   7,4   0,0   4,3  33,8   13:40    SE
24  26,5  31,8   14:00  22,4   05:40   0,0   8,1   0,0   4,8  33,8   12:47    SE
25  26,2  29,9   11:20  22,1   03:30   0,0   7,9   0,0   5,2  30,6   12:39    SE
26  27,1  30,2   12:26  24,9   03:49   0,0   8,8   0,0   3,5  27,4   11:37   ESE
27  26,9  30,9   12:24  22,9   05:44   0,0   8,6   0,0   5,1  40,2   16:56    NE
28  26,6  32,7   12:01  21,8   05:03   0,0   8,3   0,0   4,1  33,8   14:06   ESE
29  24,1  27,9   11:05  21,7   23:59   0,0   5,8   1,8   5,3  27,4   23:34   NNE
30  23,2  26,5   15:05  19,7   03:17   0,0   4,9   2,5   3,8  27,4   12:30    SE
31  23,8  28,2   15:40  20,8   21:16   0,0   5,5   7,9   9,2  40,2   08:45   NNE
----------------------------------------------------------------------------------
    26,0  36,9     3    16,5    12     0,2 238,1  13,5   6,0  53,1    10     ENE

Max >=  30,0: 16
Max <=   5,0:  0
Min <=   5,0:  0
Min <=   0,0:  0
Max Rain: 7,9 on day 31
Days of Rain: 7 (>= 0,2 mm)  2 (>= 2,0 mm)  0 (>= 10,0 mm)
Heat Base: 18,3  Cool Base: 18,3  Method: Integration